Last updated on 2025-10-21 09:48:51 CEST.
Flavor | Version | Tinstall | Tcheck | Ttotal | Status | Flags |
---|---|---|---|---|---|---|
r-devel-linux-x86_64-debian-clang | 0.2.1 | 6.51 | 53.58 | 60.09 | NOTE | |
r-devel-linux-x86_64-debian-gcc | 0.2.1 | 4.10 | 40.27 | 44.37 | NOTE | |
r-devel-linux-x86_64-fedora-clang | 0.2.1 | 95.02 | NOTE | |||
r-devel-linux-x86_64-fedora-gcc | 0.2.1 | 99.23 | NOTE | |||
r-devel-windows-x86_64 | 0.2.1 | 7.00 | 69.00 | 76.00 | NOTE | |
r-patched-linux-x86_64 | 0.2.1 | 6.79 | 48.73 | 55.52 | NOTE | |
r-release-linux-x86_64 | 0.2.1 | 5.93 | 49.04 | 54.97 | NOTE | |
r-release-macos-arm64 | 0.2.1 | 34.00 | NOTE | |||
r-release-macos-x86_64 | 0.2.1 | 81.00 | NOTE | |||
r-release-windows-x86_64 | 0.2.1 | 8.00 | 71.00 | 79.00 | NOTE | |
r-oldrel-macos-arm64 | 0.2.1 | 34.00 | OK | |||
r-oldrel-macos-x86_64 | 0.2.1 | 52.00 | OK | |||
r-oldrel-windows-x86_64 | 0.2.1 | 11.00 | 83.00 | 94.00 | OK |
Version: 0.2.1
Check: DESCRIPTION meta-information
Result: NOTE
Missing dependency on R >= 4.1.0 because package code uses the pipe
|> or function shorthand \(...) syntax added in R 4.1.0.
File(s) using such syntax:
‘Get_time_entries.R’
Flavors: r-devel-linux-x86_64-debian-clang, r-devel-linux-x86_64-debian-gcc, r-devel-linux-x86_64-fedora-clang, r-devel-linux-x86_64-fedora-gcc, r-devel-windows-x86_64, r-patched-linux-x86_64, r-release-linux-x86_64, r-release-macos-arm64, r-release-macos-x86_64, r-release-windows-x86_64
Version: 0.2.1
Check: HTML version of manual
Result: NOTE
Found the following HTML validation problems:
ask_toggl_api_token.html:46:1 (ask_toggl_api_token.Rd:10): Warning: missing </ul> before </div>
get_all_client_names.html:63:1 (get_all_client_names.Rd:21): Warning: missing </ul> before </div>
get_all_project_names.html:63:1 (get_all_project_names.Rd:21): Warning: missing </ul> before </div>
get_current.html:46:1 (get_current.Rd:10): Warning: missing </ul> before </div>
get_current_project_task_detail.html:73:1 (get_current_project_task_detail.Rd:27): Warning: missing </ul> before </div>
get_dashboard.html:63:1 (get_dashboard.Rd:22): Warning: missing </ul> before </div>
get_project_id.html:73:1 (get_project_id.Rd:27): Warning: missing </ul> before </div>
get_project_id_and_name.html:53:1 (get_project_id_and_name.Rd:15): Warning: missing </ul> before </div>
get_project_total.html:68:1 (get_project_total.Rd:24): Warning: missing </ul> before </div>
get_summary_report.html:73:1 (get_summary_report.Rd:28): Warning: missing </ul> before </div>
get_toggl_api_token.html:46:1 (get_toggl_api_token.Rd:10): Warning: missing </ul> before </div>
get_weekly_report.html:68:1 (get_weekly_report.Rd:25): Warning: missing </ul> before </div>
get_workspace_id.html:46:1 (get_workspace_id.Rd:10): Warning: missing </ul> before </div>
get_workspace_users.html:53:1 (get_workspace_users.Rd:15): Warning: missing </ul> before </div>
notification.html:50:1 (notification.Rd:12): Warning: missing </ul> before </div>
set_toggl_api_token.html:46:1 (set_toggl_api_token.Rd:10): Warning: missing </ul> before </div>
simplify.html:46:1 (simplify.Rd:10): Warning: missing </ul> before </div>
to_humain.html:46:1 (to_humain.Rd:10): Warning: missing </ul> before </div>
Flavor: r-devel-linux-x86_64-debian-gcc