Last updated on 2025-11-10 11:49:26 CET.
| Flavor | Version | Tinstall | Tcheck | Ttotal | Status | Flags |
|---|---|---|---|---|---|---|
| r-devel-linux-x86_64-debian-clang | 0.2.9 | 29.22 | 534.44 | 563.66 | OK | |
| r-devel-linux-x86_64-debian-gcc | 0.2.9 | 19.84 | 319.40 | 339.24 | OK | |
| r-devel-linux-x86_64-fedora-clang | 0.2.9 | 126.00 | 545.65 | 671.65 | OK | |
| r-devel-linux-x86_64-fedora-gcc | 0.2.9 | 235.00 | 547.26 | 782.26 | OK | |
| r-devel-windows-x86_64 | 0.2.9 | 32.00 | 425.00 | 457.00 | OK | |
| r-patched-linux-x86_64 | 0.2.9 | 29.12 | 448.83 | 477.95 | OK | |
| r-release-linux-x86_64 | 0.2.9 | 28.36 | 448.45 | 476.81 | OK | |
| r-release-macos-arm64 | 0.2.9 | 11.00 | 127.00 | 138.00 | OK | |
| r-release-macos-x86_64 | 0.2.9 | 26.00 | 256.00 | 282.00 | OK | |
| r-release-windows-x86_64 | 0.2.9 | 31.00 | 429.00 | 460.00 | OK | |
| r-oldrel-macos-arm64 | 0.2.9 | 12.00 | 143.00 | 155.00 | OK | |
| r-oldrel-macos-x86_64 | 0.2.9 | 26.00 | 278.00 | 304.00 | OK | |
| r-oldrel-windows-x86_64 | 0.2.9 | 42.00 | 350.00 | 392.00 | NOTE |
Version: 0.2.9
Check: package dependencies
Result: NOTE
Packages suggested but not available for checking: 'umx', 'OpenMx'
Flavor: r-oldrel-windows-x86_64