Last updated on 2025-10-21 09:48:49 CEST.
Flavor | Version | Tinstall | Tcheck | Ttotal | Status | Flags |
---|---|---|---|---|---|---|
r-devel-linux-x86_64-debian-clang | 1.1.8 | 92.59 | 137.46 | 230.05 | OK | |
r-devel-linux-x86_64-debian-gcc | 1.1.8 | 74.81 | 121.45 | 196.26 | NOTE | |
r-devel-linux-x86_64-fedora-clang | 1.1.8 | 404.50 | OK | |||
r-devel-linux-x86_64-fedora-gcc | 1.1.8 | 421.45 | OK | |||
r-devel-windows-x86_64 | 1.1.8 | 107.00 | 155.00 | 262.00 | OK | |
r-patched-linux-x86_64 | 1.1.8 | 105.93 | 133.55 | 239.48 | OK | |
r-release-linux-x86_64 | 1.1.8 | 106.26 | 134.85 | 241.11 | OK | |
r-release-macos-arm64 | 1.1.8 | 127.00 | OK | |||
r-release-macos-x86_64 | 1.1.8 | 207.00 | OK | |||
r-release-windows-x86_64 | 1.1.8 | 109.00 | 156.00 | 265.00 | OK | |
r-oldrel-macos-arm64 | 1.1.8 | 101.00 | NOTE | |||
r-oldrel-macos-x86_64 | 1.1.8 | 142.00 | NOTE | |||
r-oldrel-windows-x86_64 | 1.1.8 | 127.00 | 198.00 | 325.00 | OK |
Version: 1.1.8
Check: HTML version of manual
Result: NOTE
Found the following HTML validation problems:
Doc2Vec.html:80:1 (Doc2Vec.Rd:76): Warning: <h3> anchor "Methods" already defined
Doc2Vec.html:152:1 (Doc2Vec.Rd:119): Warning: <h5> anchor "Usage" already defined
Doc2Vec.html:162:1 (Doc2Vec.Rd:127): Warning: <h5> anchor "Arguments" already defined
Doc2Vec.html:187:1 (Doc2Vec.Rd:143): Warning: <h5> anchor "Usage" already defined
Doc2Vec.html:203:1 (Doc2Vec.Rd:153): Warning: <h5> anchor "Usage" already defined
Doc2Vec.html:209:1 (Doc2Vec.Rd:157): Warning: <h5> anchor "Arguments" already defined
big_tokenize_transform.html:66:1 (big_tokenize_transform.Rd:102): Warning: <h3> anchor "Methods" already defined
big_tokenize_transform.html:130:1 (big_tokenize_transform.Rd:133): Warning: <h5> anchor "Usage" already defined
big_tokenize_transform.html:142:1 (big_tokenize_transform.Rd:143): Warning: <h5> anchor "Arguments" already defined
big_tokenize_transform.html:171:1 (big_tokenize_transform.Rd:163): Warning: <h5> anchor "Usage" already defined
big_tokenize_transform.html:184:1 (big_tokenize_transform.Rd:174): Warning: <h5> anchor "Arguments" already defined
big_tokenize_transform.html:215:1 (big_tokenize_transform.Rd:196): Warning: <h5> anchor "Usage" already defined
big_tokenize_transform.html:255:1 (big_tokenize_transform.Rd:234): Warning: <h5> anchor "Arguments" already defined
big_tokenize_transform.html:346:1 (big_tokenize_transform.Rd:316): Warning: <h5> anchor "Usage" already defined
big_tokenize_transform.html:356:1 (big_tokenize_transform.Rd:324): Warning: <h5> anchor "Arguments" already defined
big_tokenize_transform.html:383:1 (big_tokenize_transform.Rd:341): Warning: <h5> anchor "Usage" already defined
big_tokenize_transform.html:389:1 (big_tokenize_transform.Rd:345): Warning: <h5> anchor "Arguments" already defined
sparse_term_matrix.html:76:1 (sparse_term_matrix.Rd:119): Warning: <h3> anchor "Methods" already defined
sparse_term_matrix.html:154:1 (sparse_term_matrix.Rd:160): Warning: <h5> anchor "Usage" already defined
sparse_term_matrix.html:187:1 (sparse_term_matrix.Rd:191): Warning: <h5> anchor "Arguments" already defined
sparse_term_matrix.html:264:1 (sparse_term_matrix.Rd:259): Warning: <h5> anchor "Usage" already defined
sparse_term_matrix.html:278:1 (sparse_term_matrix.Rd:268): Warning: <h5> anchor "Usage" already defined
sparse_term_matrix.html:292:1 (sparse_term_matrix.Rd:277): Warning: <h5> anchor "Usage" already defined
sparse_term_matrix.html:298:1 (sparse_term_matrix.Rd:281): Warning: <h5> anchor "Arguments" already defined
sparse_term_matrix.html:319:1 (sparse_term_matrix.Rd:293): Warning: <h5> anchor "Usage" already defined
sparse_term_matrix.html:329:1 (sparse_term_matrix.Rd:301): Warning: <h5> anchor "Arguments" already defined
sparse_term_matrix.html:354:1 (sparse_term_matrix.Rd:317): Warning: <h5> anchor "Usage" already defined
sparse_term_matrix.html:364:1 (sparse_term_matrix.Rd:325): Warning: <h5> anchor "Arguments" already defined
sparse_term_matrix.html:391:1 (sparse_term_matrix.Rd:342): Warning: <h5> anchor "Usage" already defined
sparse_term_matrix.html:397:1 (sparse_term_matrix.Rd:346): Warning: <h5> anchor "Arguments" already defined
text_intersect.html:60:1 (text_intersect.Rd:61): Warning: <h3> anchor "Methods" already defined
text_intersect.html:120:1 (text_intersect.Rd:92): Warning: <h5> anchor "Usage" already defined
text_intersect.html:126:1 (text_intersect.Rd:96): Warning: <h5> anchor "Arguments" already defined
text_intersect.html:149:1 (text_intersect.Rd:110): Warning: <h5> anchor "Usage" already defined
text_intersect.html:155:1 (text_intersect.Rd:114): Warning: <h5> anchor "Arguments" already defined
text_intersect.html:180:1 (text_intersect.Rd:129): Warning: <h5> anchor "Usage" already defined
text_intersect.html:186:1 (text_intersect.Rd:133): Warning: <h5> anchor "Arguments" already defined
token_stats.html:82:1 (token_stats.Rd:129): Warning: <h3> anchor "Methods" already defined
token_stats.html:178:1 (token_stats.Rd:180): Warning: <h5> anchor "Usage" already defined
token_stats.html:192:1 (token_stats.Rd:189): Warning: <h5> anchor "Usage" already defined
token_stats.html:206:1 (token_stats.Rd:198): Warning: <h5> anchor "Usage" already defined
token_stats.html:212:1 (token_stats.Rd:202): Warning: <h5> anchor "Arguments" already defined
token_stats.html:233:1 (token_stats.Rd:214): Warning: <h5> anchor "Usage" already defined
token_stats.html:247:1 (token_stats.Rd:223): Warning: <h5> anchor "Usage" already defined
token_stats.html:253:1 (token_stats.Rd:227): Warning: <h5> anchor "Arguments" already defined
token_stats.html:274:1 (token_stats.Rd:239): Warning: <h5> anchor "Usage" already defined
token_stats.html:288:1 (token_stats.Rd:248): Warning: <h5> anchor "Usage" already defined
token_stats.html:294:1 (token_stats.Rd:252): Warning: <h5> anchor "Arguments" already defined
token_stats.html:315:1 (token_stats.Rd:264): Warning: <h5> anchor "Usage" already defined
token_stats.html:329:1 (token_stats.Rd:276): Warning: <h5> anchor "Arguments" already defined
token_stats.html:362:1 (token_stats.Rd:300): Warning: <h5> anchor "Usage" already defined
token_stats.html:368:1 (token_stats.Rd:304): Warning: <h5> anchor "Arguments" already defined
token_stats.html:389:1 (token_stats.Rd:316): Warning: <h5> anchor "Usage" already defined
token_stats.html:395:1 (token_stats.Rd:320): Warning: <h5> anchor "Arguments" already defined
token_stats.html:418:1 (token_stats.Rd:333): Warning: <h5> anchor "Usage" already defined
token_stats.html:424:1 (token_stats.Rd:337): Warning: <h5> anchor "Arguments" already defined
Flavor: r-devel-linux-x86_64-debian-gcc
Version: 1.1.8
Check: installed package size
Result: NOTE
installed size is 15.3Mb
sub-directories of 1Mb or more:
libs 13.8Mb
Flavors: r-oldrel-macos-arm64, r-oldrel-macos-x86_64