Last updated on 2025-11-11 10:50:16 CET.
| Flavor | Version | Tinstall | Tcheck | Ttotal | Status | Flags |
|---|---|---|---|---|---|---|
| r-devel-linux-x86_64-debian-clang | 1.0.0 | 2.77 | 185.20 | 187.97 | OK | |
| r-devel-linux-x86_64-debian-gcc | 1.0.0 | 2.16 | 111.49 | 113.65 | OK | |
| r-devel-linux-x86_64-fedora-clang | 1.0.0 | 290.02 | OK | |||
| r-devel-linux-x86_64-fedora-gcc | 1.0.0 | 308.85 | OK | |||
| r-devel-windows-x86_64 | 1.0.0 | 6.00 | 165.00 | 171.00 | OK | |
| r-patched-linux-x86_64 | 1.0.0 | 3.47 | 175.14 | 178.61 | OK | |
| r-release-linux-x86_64 | 1.0.0 | 2.64 | 173.13 | 175.77 | OK | |
| r-release-macos-arm64 | 1.0.0 | 1.00 | 71.00 | 72.00 | OK | |
| r-release-macos-x86_64 | 1.0.0 | 3.00 | 155.00 | 158.00 | OK | |
| r-release-windows-x86_64 | 1.0.0 | 4.00 | 170.00 | 174.00 | OK | |
| r-oldrel-macos-arm64 | 1.0.0 | 1.00 | 60.00 | 61.00 | NOTE | |
| r-oldrel-macos-x86_64 | 1.0.0 | 2.00 | 125.00 | 127.00 | NOTE | |
| r-oldrel-windows-x86_64 | 1.0.0 | 7.00 | 227.00 | 234.00 | NOTE |
Version: 1.0.0
Check: LazyData
Result: NOTE
'LazyData' is specified without a 'data' directory
Flavors: r-oldrel-macos-arm64, r-oldrel-macos-x86_64, r-oldrel-windows-x86_64