Last updated on 2025-10-21 09:48:47 CEST.
Flavor | Version | Tinstall | Tcheck | Ttotal | Status | Flags |
---|---|---|---|---|---|---|
r-devel-linux-x86_64-debian-clang | 1.1.20.3 | 6.24 | 55.47 | 61.71 | NOTE | |
r-devel-linux-x86_64-debian-gcc | 1.1.20.3 | 4.15 | 39.93 | 44.08 | NOTE | |
r-devel-linux-x86_64-fedora-clang | 1.1.20.3 | 97.62 | NOTE | |||
r-devel-linux-x86_64-fedora-gcc | 1.1.20.3 | 103.39 | NOTE | |||
r-devel-windows-x86_64 | 1.1.20.3 | 10.00 | 88.00 | 98.00 | NOTE | |
r-patched-linux-x86_64 | 1.1.20.3 | 6.77 | 52.03 | 58.80 | NOTE | |
r-release-linux-x86_64 | 1.1.20.3 | 5.92 | 51.35 | 57.27 | NOTE | |
r-release-macos-arm64 | 1.1.20.3 | 74.00 | NOTE | |||
r-release-macos-x86_64 | 1.1.20.3 | 69.00 | NOTE | |||
r-release-windows-x86_64 | 1.1.20.3 | 10.00 | 84.00 | 94.00 | NOTE | |
r-oldrel-macos-arm64 | 1.1.20.3 | 38.00 | OK | |||
r-oldrel-macos-x86_64 | 1.1.20.3 | 54.00 | OK | |||
r-oldrel-windows-x86_64 | 1.1.20.3 | 13.00 | 93.00 | 106.00 | OK |
Version: 1.1.20.3
Check: CRAN incoming feasibility
Result: NOTE
Maintainer: ‘Chun Fung Kwok <jkwok@svi.edu.au>’
The BugReports field in DESCRIPTION has
https://github.com/kcf-jackson/sketch
which should likely be
https://github.com/kcf-jackson/sketch/issues
instead.
Flavors: r-devel-linux-x86_64-debian-clang, r-devel-linux-x86_64-debian-gcc
Version: 1.1.20.3
Check: DESCRIPTION meta-information
Result: NOTE
Missing dependency on R >= 4.1.0 because package code uses the pipe
|> or function shorthand \(...) syntax added in R 4.1.0.
File(s) using such syntax:
‘ext-annotate_expr.R’
Flavors: r-devel-linux-x86_64-debian-clang, r-devel-linux-x86_64-debian-gcc, r-devel-linux-x86_64-fedora-clang, r-devel-linux-x86_64-fedora-gcc, r-devel-windows-x86_64, r-patched-linux-x86_64, r-release-linux-x86_64, r-release-macos-arm64, r-release-macos-x86_64, r-release-windows-x86_64
Version: 1.1.20.3
Check: HTML version of manual
Result: NOTE
Found the following HTML validation problems:
annotate_exprs.html:46:1 (annotate_exprs.Rd:10): Warning: missing </ul> before </div>
header-functions.html:66:1 (header-functions.Rd:25): Warning: missing </ul> before </div>
predicate_component.html:222:1 (predicate_component.Rd:143): Warning: missing </ul> before </div>
split_rules.html:49:1 (split_rules.Rd:11): Warning: missing </ul> before </div>
to_json.html:62:1 (to_json.Rd:19): Warning: missing </ul> before </div>
to_shiny_tag.html:46:1 (to_shiny_tag.Rd:10): Warning: missing </ul> before </div>
websocket.html:129:1 (websocket.Rd:103): Warning: <h5> anchor "Usage" already defined
websocket.html:145:1 (websocket.Rd:113): Warning: <h5> anchor "Usage" already defined
websocket.html:161:1 (websocket.Rd:123): Warning: <h5> anchor "Usage" already defined
websocket.html:178:1 (websocket.Rd:134): Warning: <h5> anchor "Usage" already defined
websocket.html:195:1 (websocket.Rd:145): Warning: <h5> anchor "Usage" already defined
websocket.html:240:1 (websocket.Rd:174): Warning: <h5> anchor "Usage" already defined
websocket.html:246:1 (websocket.Rd:178): Warning: <h5> anchor "Arguments" already defined
websocket.html:270:1 (websocket.Rd:196): Warning: <h5> anchor "Returns" already defined
websocket.html:318:1 (websocket.Rd:235): Warning: <h5> anchor "Usage" already defined
websocket.html:324:1 (websocket.Rd:239): Warning: <h5> anchor "Arguments" already defined
Flavor: r-devel-linux-x86_64-debian-gcc