Last updated on 2025-10-21 09:48:47 CEST.
Flavor | Version | Tinstall | Tcheck | Ttotal | Status | Flags |
---|---|---|---|---|---|---|
r-devel-linux-x86_64-debian-clang | 0.2.5 | 7.49 | 70.52 | 78.01 | NOTE | --no-vignettes |
r-devel-linux-x86_64-debian-gcc | 0.2.5 | 4.95 | 53.87 | 58.82 | NOTE | --no-vignettes |
r-devel-linux-x86_64-fedora-clang | 0.2.5 | 380.34 | NOTE | |||
r-devel-linux-x86_64-fedora-gcc | 0.2.5 | 415.00 | NOTE | |||
r-devel-windows-x86_64 | 0.2.5 | 8.00 | 351.00 | 359.00 | NOTE | |
r-patched-linux-x86_64 | 0.2.5 | 8.12 | 66.42 | 74.54 | NOTE | --no-vignettes |
r-release-linux-x86_64 | 0.2.5 | 6.52 | 65.91 | 72.43 | NOTE | --no-vignettes |
r-release-macos-arm64 | 0.2.5 | 212.00 | NOTE | |||
r-release-macos-x86_64 | 0.2.5 | 423.00 | NOTE | |||
r-release-windows-x86_64 | 0.2.5 | 10.00 | 347.00 | 357.00 | NOTE | |
r-oldrel-macos-arm64 | 0.2.5 | 193.00 | NOTE | |||
r-oldrel-macos-x86_64 | 0.2.5 | 307.00 | NOTE | |||
r-oldrel-windows-x86_64 | 0.2.5 | 10.00 | 437.00 | 447.00 | NOTE |
Version: 0.2.5
Flags: --no-vignettes
Check: CRAN incoming feasibility
Result: NOTE
Maintainer: ‘Jacob Bien <jbien@usc.edu>’
The Description field contains
<arXiv:1607.00021>.
Please refer to arXiv e-prints via their arXiv DOI <doi:10.48550/arXiv.YYMM.NNNNN>.
Flavors: r-devel-linux-x86_64-debian-clang, r-devel-linux-x86_64-debian-gcc
Version: 0.2.5
Flags: --no-vignettes
Check: Rd files
Result: NOTE
checkRd: (-1) add_bold.Rd:15: Lost braces; missing escapes or markup?
15 | For example, in latex it would take "2" and output "{\\bf 2}"; in html
| ^
Flavors: r-devel-linux-x86_64-debian-clang, r-devel-linux-x86_64-debian-gcc, r-patched-linux-x86_64, r-release-linux-x86_64
Version: 0.2.5
Flags: --no-vignettes
Check: HTML version of manual
Result: NOTE
Found the following HTML validation problems:
add_bold.html:51:1 (add_bold.Rd:12): Warning: missing </ul> before </div>
add_dref_to_list.html:56:1 (add_dref_to_list.Rd:14): Warning: missing </ul> before </div>
add_eref_to_list.html:56:1 (add_eref_to_list.Rd:14): Warning: missing </ul> before </div>
add_oref_to_list.html:56:1 (add_oref_to_list.Rd:14): Warning: missing </ul> before </div>
aggregate_evals.html:50:1 (aggregate_evals.Rd:12): Warning: missing </ul> before </div>
as.data.frame.Evals.html:59:1 (as.data.frame.Evals.Rd:16): Warning: missing </ul> before </div>
as.data.frame.Model.html:60:1 (as.data.frame.Model.Rd:16): Warning: missing </ul> before </div>
as.data.frame.listofEvals.html:61:1 (as.data.frame.listofEvals.Rd:16): Warning: missing </ul> before </div>
as.data.frame.listofModels.html:61:1 (as.data.frame.listofModels.Rd:16): Warning: missing </ul> before </div>
cash-Model-method.html:51:1 (cash-Model-method.Rd:12): Warning: missing </ul> before </div>
catsim.html:47:1 (catsim.Rd:10): Warning: missing </ul> before </div>
describe.html:46:1 (describe.Rd:10): Warning: missing </ul> before </div>
do_in_parallel.html:89:1 (do_in_parallel.Rd:40): Warning: missing </ul> before </div>
evaluate_single.html:61:1 (evaluate_single.Rd:16): Warning: missing </ul> before </div>
get_contents.html:64:1 (get_contents.Rd:15): Warning: missing </ul> before </div>
get_files_not_in_simulations.html:56:1 (get_files_not_in_simulations.Rd:15): Warning: missing </ul> before </div>
get_model_indices.html:50:1 (get_model_indices.Rd:12): Warning: missing </ul> before </div>
get_relative_path.html:51:1 (get_relative_path.Rd:12): Warning: missing </ul> before </div>
get_simulation_with_all_files.html:53:1 (get_simulation_with_all_files.Rd:15): Warning: missing </ul> before </div>
load-DrawsRef-method.html:47:1 (load-DrawsRef-method.Rd:10): Warning: missing </ul> before </div>
load-EvalsRef-method.html:47:1 (load-EvalsRef-method.Rd:10): Warning: missing </ul> before </div>
load-ModelRef-method.html:47:1 (load-ModelRef-method.Rd:10): Warning: missing </ul> before </div>
load-OutputRef-method.html:47:1 (load-OutputRef-method.Rd:10): Warning: missing </ul> before </div>
load-list-method.html:47:1 (load-list-method.Rd:10): Warning: missing </ul> before </div>
memory_as_string.html:46:1 (memory_as_string.Rd:10): Warning: missing </ul> before </div>
model_names.html:46:1 (model_names.Rd:10): Warning: missing </ul> before </div>
models_as_data.frame.html:46:1 (models_as_data.frame.Rd:10): Warning: missing </ul> before </div>
new_aggregator.html:56:1 (new_aggregator.Rd:18): Warning: missing </ul> before </div>
new_extended_method.html:61:1 (new_extended_method.Rd:19): Warning: missing </ul> before </div>
new_method.html:62:1 (new_method.Rd:20): Warning: missing </ul> before </div>
new_metric.html:56:1 (new_metric.Rd:16): Warning: missing </ul> before </div>
outputs_or_evals.html:64:1 (outputs_or_evals.Rd:24): Warning: missing </ul> before </div>
plot_evals.html:140:1 (plot_evals.Rd:68): Warning: missing </ul> before </div>
plus-ExtendedMethod-MethodExtension-method.html:51:1 (plus-ExtendedMethod-MethodExtension-method.Rd:12): Warning: missing </ul> before </div>
plus-Method-MethodExtension-method.html:51:1 (plus-Method-MethodExtension-method.Rd:12): Warning: missing </ul> before </div>
plus-list-MethodExtension-method.html:52:1 (plus-list-MethodExtension-method.Rd:13): Warning: missing </ul> before </div>
recycle.html:50:1 (recycle.Rd:12): Warning: missing </ul> before </div>
run_extendedmethod_single.html:62:1 (run_extendedmethod_single.Rd:17): Warning: missing </ul> before </div>
run_extmethod_parallel.html:102:1 (run_extmethod_parallel.Rd:48): Warning: missing </ul> before </div>
run_method_parallel.html:102:1 (run_method_parallel.Rd:48): Warning: missing </ul> before </div>
run_method_single.html:57:1 (run_method_single.Rd:15): Warning: missing </ul> before </div>
simulate_from_model_single.html:59:1 (simulate_from_model_single.Rd:16): Warning: missing </ul> before </div>
simulate_parallel.html:93:1 (simulate_parallel.Rd:43): Warning: missing </ul> before </div>
subset_evals.html:56:1 (subset_evals.Rd:15): Warning: missing </ul> before </div>
subset_models.html:53:1 (subset_models.Rd:14): Warning: missing </ul> before </div>
subset_simulation.html:74:1 (subset_simulation.Rd:24): Warning: missing </ul> before </div>
Flavor: r-devel-linux-x86_64-debian-gcc
Version: 0.2.5
Check: Rd files
Result: NOTE
checkRd: (-1) add_bold.Rd:15: Lost braces; missing escapes or markup?
15 | For example, in latex it would take "2" and output "{\\bf 2}"; in html
| ^
Flavors: r-devel-linux-x86_64-fedora-clang, r-devel-linux-x86_64-fedora-gcc, r-devel-windows-x86_64, r-release-macos-arm64, r-release-macos-x86_64, r-release-windows-x86_64, r-oldrel-macos-arm64, r-oldrel-macos-x86_64, r-oldrel-windows-x86_64