CRAN Package Check Results for Package simplanonym

Last updated on 2025-11-12 10:52:57 CET.

Flavor Version Tinstall Tcheck Ttotal Status Flags
r-devel-linux-x86_64-debian-clang 0.1.0 1.59 23.61 25.20 NOTE
r-devel-linux-x86_64-debian-gcc 0.1.0 1.32 18.99 20.31 NOTE
r-devel-linux-x86_64-fedora-clang 0.1.0 35.62 NOTE
r-devel-linux-x86_64-fedora-gcc 0.1.0 35.86 NOTE
r-devel-windows-x86_64 0.1.0 4.00 41.00 45.00 NOTE
r-patched-linux-x86_64 0.1.0 1.69 21.58 23.27 NOTE
r-release-linux-x86_64 0.1.0 1.56 20.94 22.50 NOTE
r-release-macos-arm64 0.1.0 1.00 17.00 18.00 NOTE
r-release-macos-x86_64 0.1.0 1.00 29.00 30.00 NOTE
r-release-windows-x86_64 0.1.0 4.00 39.00 43.00 NOTE
r-oldrel-macos-arm64 0.1.0 1.00 17.00 18.00 OK
r-oldrel-macos-x86_64 0.1.0 2.00 24.00 26.00 OK
r-oldrel-windows-x86_64 0.1.0 5.00 47.00 52.00 OK

Check Details

Version: 0.1.0
Check: DESCRIPTION meta-information
Result: NOTE Missing dependency on R >= 4.1.0 because package code uses the pipe |> or function shorthand \(...) syntax added in R 4.1.0. File(s) using such syntax: ‘anon.R’ ‘anonymise.Rd’ Flavors: r-devel-linux-x86_64-debian-clang, r-devel-linux-x86_64-debian-gcc, r-devel-linux-x86_64-fedora-clang, r-devel-linux-x86_64-fedora-gcc, r-devel-windows-x86_64, r-patched-linux-x86_64, r-release-linux-x86_64, r-release-macos-arm64, r-release-macos-x86_64, r-release-windows-x86_64