Last updated on 2025-10-21 09:48:47 CEST.
Flavor | Version | Tinstall | Tcheck | Ttotal | Status | Flags |
---|---|---|---|---|---|---|
r-devel-linux-x86_64-debian-clang | 1.2 | 2.29 | 27.11 | 29.40 | OK | |
r-devel-linux-x86_64-debian-gcc | 1.2 | 1.82 | 21.70 | 23.52 | NOTE | |
r-devel-linux-x86_64-fedora-clang | 1.2 | 40.43 | OK | |||
r-devel-linux-x86_64-fedora-gcc | 1.2 | 39.65 | OK | |||
r-devel-windows-x86_64 | 1.2 | 4.00 | 52.00 | 56.00 | OK | |
r-patched-linux-x86_64 | 1.2 | 3.20 | 24.38 | 27.58 | OK | |
r-release-linux-x86_64 | 1.2 | 2.27 | 24.23 | 26.50 | OK | |
r-release-macos-arm64 | 1.2 | 19.00 | OK | |||
r-release-macos-x86_64 | 1.2 | 30.00 | OK | |||
r-release-windows-x86_64 | 1.2 | 5.00 | 55.00 | 60.00 | OK | |
r-oldrel-macos-arm64 | 1.2 | 18.00 | OK | |||
r-oldrel-macos-x86_64 | 1.2 | 25.00 | OK | |||
r-oldrel-windows-x86_64 | 1.2 | 5.00 | 58.00 | 63.00 | OK |
Version: 1.2
Check: HTML version of manual
Result: NOTE
Found the following HTML validation problems:
shinylight.passToOther.html:47:1 (shinylight.passToOther.Rd:11): Warning: missing </ul> before </div>
shinylight.setElementJson.html:47:1 (shinylight.setElementJson.Rd:11): Warning: missing </ul> before </div>
shinylight.setElementPlot.html:49:1 (shinylight.setElementPlot.Rd:11): Warning: missing </ul> before </div>
shinylight.setElementText.html:46:1 (shinylight.setElementText.Rd:10): Warning: missing </ul> before </div>
shinylight.setGridResult.html:45:1 (shinylight.setGridResult.Rd:9): Warning: missing </ul> before </div>
shinylight.setGridResultWithNamedRows.html:47:1 (shinylight.setGridResultWithNamedRows.Rd:9): Warning: missing </ul> before </div>
toolkit.all.html:48:1 (toolkit.all.Rd:11): Warning: missing </ul> before </div>
toolkit.any.html:48:1 (toolkit.any.Rd:11): Warning: missing </ul> before </div>
toolkit.forEach.html:45:1 (toolkit.forEach.Rd:10): Warning: missing </ul> before </div>
toolkit.groupTitle.html:47:1 (toolkit.groupTitle.Rd:12): Warning: missing </ul> before </div>
toolkit.setAsBody.html:42:1 (toolkit.setAsBody.Rd:8): Warning: missing </ul> before </div>
Flavor: r-devel-linux-x86_64-debian-gcc