Last updated on 2025-10-21 09:48:46 CEST.
Flavor | Version | Tinstall | Tcheck | Ttotal | Status | Flags |
---|---|---|---|---|---|---|
r-devel-linux-x86_64-debian-clang | 0.6.1 | 6.81 | 54.61 | 61.42 | OK | |
r-devel-linux-x86_64-debian-gcc | 0.6.1 | 4.44 | 41.31 | 45.75 | NOTE | |
r-devel-linux-x86_64-fedora-clang | 0.6.1 | 92.07 | OK | |||
r-devel-linux-x86_64-fedora-gcc | 0.6.1 | 85.53 | OK | |||
r-devel-windows-x86_64 | 0.6.1 | 8.00 | 67.00 | 75.00 | OK | |
r-patched-linux-x86_64 | 0.6.1 | 6.26 | 49.87 | 56.13 | OK | |
r-release-linux-x86_64 | 0.6.1 | 6.40 | 50.17 | 56.57 | OK | |
r-release-macos-arm64 | 0.6.1 | 38.00 | OK | |||
r-release-macos-x86_64 | 0.6.1 | 57.00 | OK | |||
r-release-windows-x86_64 | 0.6.1 | 9.00 | 69.00 | 78.00 | OK | |
r-oldrel-macos-arm64 | 0.6.1 | 32.00 | OK | |||
r-oldrel-macos-x86_64 | 0.6.1 | 47.00 | OK | |||
r-oldrel-windows-x86_64 | 0.6.1 | 11.00 | 84.00 | 95.00 | OK |
Version: 0.6.1
Check: HTML version of manual
Result: NOTE
Found the following HTML validation problems:
print.sg_mail.html:51:1 (print.sg_mail.Rd:12): Warning: missing </ul> before </div>
Flavor: r-devel-linux-x86_64-debian-gcc