Last updated on 2025-10-22 09:50:51 CEST.
Flavor | Version | Tinstall | Tcheck | Ttotal | Status | Flags |
---|---|---|---|---|---|---|
r-devel-linux-x86_64-debian-clang | 0.2 | 127.72 | 84.53 | 212.25 | OK | |
r-devel-linux-x86_64-debian-gcc | 0.2 | 83.29 | 53.45 | 136.74 | OK | |
r-devel-linux-x86_64-fedora-clang | 0.2 | 174.00 | 203.88 | 377.88 | OK | |
r-devel-linux-x86_64-fedora-gcc | 0.2 | 316.00 | 16.27 | 332.27 | OK | |
r-devel-windows-x86_64 | 0.2 | 144.00 | 81.00 | 225.00 | OK | |
r-patched-linux-x86_64 | 0.2 | 131.97 | 58.91 | 190.88 | OK | |
r-release-linux-x86_64 | 0.2 | 135.08 | 59.05 | 194.13 | OK | |
r-release-macos-arm64 | 0.2 | 49.00 | 25.00 | 74.00 | OK | |
r-release-macos-x86_64 | 0.2 | 47.00 | 46.00 | 93.00 | OK | |
r-release-windows-x86_64 | 0.2 | 147.00 | 88.00 | 235.00 | OK | |
r-oldrel-macos-arm64 | 0.2 | 45.00 | 25.00 | 70.00 | NOTE | |
r-oldrel-macos-x86_64 | 0.2 | 48.00 | 38.00 | 86.00 | NOTE | |
r-oldrel-windows-x86_64 | 0.2 | 168.00 | 103.00 | 271.00 | OK |
Version: 0.2
Check: installed package size
Result: NOTE
installed size is 8.8Mb
sub-directories of 1Mb or more:
libs 8.6Mb
Flavors: r-oldrel-macos-arm64, r-oldrel-macos-x86_64