Last updated on 2025-11-14 10:50:07 CET.
| Flavor | Version | Tinstall | Tcheck | Ttotal | Status | Flags |
|---|---|---|---|---|---|---|
| r-devel-linux-x86_64-debian-clang | 0.1 | 4.04 | 35.82 | 39.86 | NOTE | |
| r-devel-linux-x86_64-debian-gcc | 0.1 | 2.72 | 26.10 | 28.82 | NOTE | |
| r-devel-linux-x86_64-fedora-clang | 0.1 | 56.93 | OK | |||
| r-devel-linux-x86_64-fedora-gcc | 0.1 | 19.00 | 38.89 | 57.89 | OK | |
| r-devel-windows-x86_64 | 0.1 | 5.00 | 49.00 | 54.00 | OK | |
| r-patched-linux-x86_64 | 0.1 | 2.39 | 31.69 | 34.08 | OK | |
| r-release-linux-x86_64 | 0.1 | 3.80 | 31.85 | 35.65 | OK | |
| r-release-macos-arm64 | 0.1 | 2.00 | 19.00 | 21.00 | OK | |
| r-release-macos-x86_64 | 0.1 | 3.00 | 30.00 | 33.00 | OK | |
| r-release-windows-x86_64 | 0.1 | 5.00 | 48.00 | 53.00 | OK | |
| r-oldrel-macos-arm64 | 0.1 | 2.00 | 27.00 | 29.00 | OK | |
| r-oldrel-macos-x86_64 | 0.1 | 3.00 | 28.00 | 31.00 | OK | |
| r-oldrel-windows-x86_64 | 0.1 | 7.00 | 58.00 | 65.00 | OK |
Version: 0.1
Check: CRAN incoming feasibility
Result: NOTE
Maintainer: ‘Paul F. Petrowski <pfpetrowski@gmail.com>’
No Authors@R field in DESCRIPTION.
Please add one, modifying
Authors@R: person(given = c("Paul", "F."),
family = "Petrowski",
role = c("aut", "cre"),
email = "pfpetrowski@gmail.com")
as necessary.
Flavors: r-devel-linux-x86_64-debian-clang, r-devel-linux-x86_64-debian-gcc