CRAN Package Check Results for Package qst

Last updated on 2025-11-11 10:50:11 CET.

Flavor Version Tinstall Tcheck Ttotal Status Flags
r-devel-linux-x86_64-debian-clang 0.1.2 5.15 44.50 49.65 NOTE
r-devel-linux-x86_64-debian-gcc 0.1.2 3.65 31.89 35.54 NOTE
r-devel-linux-x86_64-fedora-clang 0.1.2 22.00 54.94 76.94 OK
r-devel-linux-x86_64-fedora-gcc 0.1.2 12.00 56.48 68.48 OK
r-devel-windows-x86_64 0.1.2 7.00 55.00 62.00 OK
r-patched-linux-x86_64 0.1.2 4.71 40.13 44.84 OK
r-release-linux-x86_64 0.1.2 4.93 39.94 44.87 OK
r-release-macos-arm64 0.1.2 3.00 21.00 24.00 OK
r-release-macos-x86_64 0.1.2 5.00 39.00 44.00 OK
r-release-windows-x86_64 0.1.2 6.00 53.00 59.00 OK
r-oldrel-macos-arm64 0.1.2 3.00 22.00 25.00 NOTE
r-oldrel-macos-x86_64 0.1.2 4.00 32.00 36.00 NOTE
r-oldrel-windows-x86_64 0.1.2 8.00 66.00 74.00 NOTE

Check Details

Version: 0.1.2
Check: CRAN incoming feasibility
Result: NOTE Maintainer: ‘Magnus Thor Torfason <m@zulutime.net>’ No Authors@R field in DESCRIPTION. Please add one, modifying Authors@R: person(given = c("Magnus", "Thor"), family = "Torfason", role = c("aut", "cre"), email = "m@zulutime.net") as necessary. Flavors: r-devel-linux-x86_64-debian-clang, r-devel-linux-x86_64-debian-gcc

Version: 0.1.2
Check: LazyData
Result: NOTE 'LazyData' is specified without a 'data' directory Flavors: r-oldrel-macos-arm64, r-oldrel-macos-x86_64, r-oldrel-windows-x86_64