Last updated on 2025-11-25 11:51:59 CET.
| Flavor | Version | Tinstall | Tcheck | Ttotal | Status | Flags |
|---|---|---|---|---|---|---|
| r-devel-linux-x86_64-debian-clang | 0.1.1 | 0.34 | 3.35 | 3.69 | ERROR | |
| r-devel-linux-x86_64-debian-gcc | 0.1.1 | 0.30 | 2.47 | 2.77 | ERROR | |
| r-devel-linux-x86_64-fedora-clang | 0.1.1 | 3.01 | ERROR | |||
| r-devel-linux-x86_64-fedora-gcc | 0.1.1 | 2.87 | ERROR | |||
| r-devel-windows-x86_64 | 0.1.1 | 22.00 | 156.00 | 178.00 | NOTE | |
| r-patched-linux-x86_64 | 0.1.1 | 15.77 | 160.41 | 176.18 | OK | |
| r-release-linux-x86_64 | 0.1.1 | 14.52 | 161.33 | 175.85 | OK | |
| r-release-macos-arm64 | 0.1.1 | OK | ||||
| r-release-macos-x86_64 | 0.1.1 | 15.00 | 184.00 | 199.00 | OK | |
| r-release-windows-x86_64 | 0.1.1 | 17.00 | 162.00 | 179.00 | OK | |
| r-oldrel-macos-arm64 | 0.1.1 | OK | ||||
| r-oldrel-macos-x86_64 | 0.1.1 | 14.00 | 184.00 | 198.00 | OK | |
| r-oldrel-windows-x86_64 | 0.1.1 | 24.00 | 208.00 | 232.00 | OK |
Version: 0.1.1
Check: package dependencies
Result: ERROR
Package required but not available: ‘giscoR’
See section ‘The DESCRIPTION file’ in the ‘Writing R Extensions’
manual.
Flavors: r-devel-linux-x86_64-debian-clang, r-devel-linux-x86_64-debian-gcc, r-devel-linux-x86_64-fedora-clang, r-devel-linux-x86_64-fedora-gcc
Version: 0.1.1
Check: Rd files
Result: NOTE
checkRd: (-1) datatrade_EU.Rd:12-22: Only 3 columns allowed in this table (row 2 has 2)
checkRd: (-1) datatrade_EU.Rd:12-22: Only 3 columns allowed in this table (row 4 has 2)
checkRd: (-1) datatrade_EU.Rd:12-22: Only 3 columns allowed in this table (row 6 has 2)
checkRd: (-1) datatrade_EU.Rd:26-34: Only 3 columns allowed in this table (row 2 has 2)
checkRd: (-1) datatrade_EU.Rd:26-34: Only 3 columns allowed in this table (row 4 has 2)
checkRd: (-1) datatrade_EU.Rd:26-34: Only 3 columns allowed in this table (row 6 has 2)
checkRd: (-1) datatrade_EU.Rd:38-44: Only 3 columns allowed in this table (row 2 has 2)
checkRd: (-1) datatrade_EU.Rd:38-44: Only 3 columns allowed in this table (row 4 has 2)
checkRd: (-1) datatrade_EU.Rd:49-53: Only 3 columns allowed in this table (row 2 has 2)
checkRd: (-1) datatrade_NorthAm.Rd:12-22: Only 3 columns allowed in this table (row 2 has 2)
checkRd: (-1) datatrade_NorthAm.Rd:12-22: Only 3 columns allowed in this table (row 4 has 2)
checkRd: (-1) datatrade_NorthAm.Rd:12-22: Only 3 columns allowed in this table (row 6 has 2)
checkRd: (-1) datatrade_NorthAm.Rd:26-35: Only 3 columns allowed in this table (row 2 has 2)
checkRd: (-1) datatrade_NorthAm.Rd:26-35: Only 3 columns allowed in this table (row 4 has 2)
checkRd: (-1) datatrade_NorthAm.Rd:26-35: Only 3 columns allowed in this table (row 6 has 2)
checkRd: (-1) datatrade_NorthAm.Rd:39-46: Only 3 columns allowed in this table (row 2 has 2)
checkRd: (-1) datatrade_NorthAm.Rd:39-46: Only 3 columns allowed in this table (row 4 has 2)
checkRd: (-1) datatrade_NorthAm.Rd:51-55: Only 3 columns allowed in this table (row 2 has 2)
checkRd: (-1) trade_data.Rd:53-79: Only 3 columns allowed in this table (row 2 has 2)
checkRd: (-1) trade_data.Rd:53-79: Only 3 columns allowed in this table (row 4 has 2)
checkRd: (-1) trade_data.Rd:53-79: Only 3 columns allowed in this table (row 6 has 2)
checkRd: (-1) trade_data.Rd:53-79: Only 3 columns allowed in this table (row 8 has 2)
checkRd: (-1) trade_data.Rd:53-79: Only 3 columns allowed in this table (row 10 has 2)
checkRd: (-1) trade_data.Rd:53-79: Only 3 columns allowed in this table (row 12 has 2)
checkRd: (-1) trade_data.Rd:53-79: Only 3 columns allowed in this table (row 14 has 2)
checkRd: (-1) trade_data.Rd:53-79: Only 3 columns allowed in this table (row 16 has 2)
checkRd: (-1) trade_data.Rd:85-97: Only 3 columns allowed in this table (row 2 has 2)
checkRd: (-1) trade_data.Rd:85-97: Only 3 columns allowed in this table (row 4 has 2)
checkRd: (-1) trade_data.Rd:85-97: Only 3 columns allowed in this table (row 6 has 2)
checkRd: (-1) trade_data.Rd:85-97: Only 3 columns allowed in this table (row 8 has 2)
Flavor: r-devel-windows-x86_64