Last updated on 2025-10-21 09:48:41 CEST.
Flavor | Version | Tinstall | Tcheck | Ttotal | Status | Flags |
---|---|---|---|---|---|---|
r-devel-linux-x86_64-debian-clang | 0.6.10 | 4.72 | 31.82 | 36.54 | NOTE | |
r-devel-linux-x86_64-debian-gcc | 0.6.10 | 3.61 | 25.09 | 28.70 | NOTE | |
r-devel-linux-x86_64-fedora-clang | 0.6.10 | 53.27 | OK | |||
r-devel-linux-x86_64-fedora-gcc | 0.6.10 | 51.73 | OK | |||
r-devel-windows-x86_64 | 0.6.10 | 7.00 | 55.00 | 62.00 | OK | |
r-patched-linux-x86_64 | 0.6.10 | 5.14 | 30.18 | 35.32 | OK | |
r-release-linux-x86_64 | 0.6.10 | 4.35 | 30.35 | 34.70 | OK | |
r-release-macos-arm64 | 0.6.10 | 20.00 | OK | |||
r-release-macos-x86_64 | 0.6.10 | 32.00 | OK | |||
r-release-windows-x86_64 | 0.6.10 | 5.00 | 58.00 | 63.00 | OK | |
r-oldrel-macos-arm64 | 0.6.10 | 21.00 | OK | |||
r-oldrel-macos-x86_64 | 0.6.10 | 32.00 | OK | |||
r-oldrel-windows-x86_64 | 0.6.10 | 6.00 | 69.00 | 75.00 | OK |
Version: 0.6.10
Check: CRAN incoming feasibility
Result: NOTE
Maintainer: ‘Michael Lawrence <michafla@gene.com>’
No Authors@R field in DESCRIPTION.
Please add one, modifying
Authors@R: c(person(given = "Michael",
family = "Lawrence",
role = c("aut", "cre"),
email = "michafla@gene.com"),
person(given = "Hadley",
family = "Wickham",
role = "aut"))
as necessary.
Flavors: r-devel-linux-x86_64-debian-clang, r-devel-linux-x86_64-debian-gcc
Version: 0.6.10
Check: HTML version of manual
Result: NOTE
Found the following HTML validation problems:
add_listener.html:54:1 (add_listener.Rd:10): Warning: missing </ul> before </div>
changed.html:46:1 (changed.Rd:8): Warning: missing </ul> before </div>
is_paused.html:46:1 (is_paused.Rd:8): Warning: missing </ul> before </div>
notify_listeners.html:50:1 (notify_listeners.Rd:10): Warning: missing </ul> before </div>
proxy_bindings.html:50:1 (proxy_bindings.Rd:10): Warning: missing </ul> before </div>
remove_listener.html:53:1 (remove_listener.Rd:12): Warning: missing </ul> before </div>
shape_changed.html:50:1 (shape_changed.Rd:10): Warning: missing </ul> before </div>
unpause.html:46:1 (unpause.Rd:8): Warning: missing </ul> before </div>
variable_names.html:46:1 (variable_names.Rd:8): Warning: missing </ul> before </div>
Flavor: r-devel-linux-x86_64-debian-gcc