Last updated on 2025-10-21 09:48:41 CEST.
Flavor | Version | Tinstall | Tcheck | Ttotal | Status | Flags |
---|---|---|---|---|---|---|
r-devel-linux-x86_64-debian-clang | 0.1.5 | 1.80 | 27.18 | 28.98 | OK | |
r-devel-linux-x86_64-debian-gcc | 0.1.5 | 1.49 | 22.12 | 23.61 | NOTE | |
r-devel-linux-x86_64-fedora-clang | 0.1.5 | 43.16 | NOTE | |||
r-devel-linux-x86_64-fedora-gcc | 0.1.5 | 55.69 | NOTE | |||
r-devel-windows-x86_64 | 0.1.5 | 4.00 | 55.00 | 59.00 | OK | |
r-patched-linux-x86_64 | 0.1.5 | 1.83 | 25.88 | 27.71 | OK | |
r-release-linux-x86_64 | 0.1.5 | 1.81 | 26.03 | 27.84 | OK | |
r-release-macos-arm64 | 0.1.5 | 27.00 | OK | |||
r-release-macos-x86_64 | 0.1.5 | 44.00 | OK | |||
r-release-windows-x86_64 | 0.1.5 | 3.00 | 57.00 | 60.00 | OK | |
r-oldrel-macos-arm64 | 0.1.5 | 25.00 | OK | |||
r-oldrel-macos-x86_64 | 0.1.5 | 35.00 | OK | |||
r-oldrel-windows-x86_64 | 0.1.5 | 3.00 | 59.00 | 62.00 | OK |
Version: 0.1.5
Check: HTML version of manual
Result: NOTE
Found the following HTML validation problems:
download_files_with_md5_mismatch.html:63:1 (download_files_with_md5_mismatch.Rd:21): Warning: missing </ul> before </div>
make_pgk_cache_subdir_for_all_relative_files.html:50:1 (make_pgk_cache_subdir_for_all_relative_files.Rd:12): Warning: missing </ul> before </div>
make_pgk_cache_subdir_for_relative_file.html:50:1 (make_pgk_cache_subdir_for_relative_file.Rd:12): Warning: missing </ul> before </div>
Flavor: r-devel-linux-x86_64-debian-gcc
Version: 0.1.5
Check: dependencies in R code
Result: NOTE
Namespace in Imports field not imported from: ‘curl’
All declared Imports should be used.
Flavors: r-devel-linux-x86_64-fedora-clang, r-devel-linux-x86_64-fedora-gcc