Last updated on 2025-10-21 09:48:41 CEST.
Flavor | Version | Tinstall | Tcheck | Ttotal | Status | Flags |
---|---|---|---|---|---|---|
r-devel-linux-x86_64-debian-clang | 0.2.3 | 6.65 | 126.83 | 133.48 | OK | |
r-devel-linux-x86_64-debian-gcc | 0.2.3 | 5.41 | 94.20 | 99.61 | NOTE | |
r-devel-linux-x86_64-fedora-clang | 0.2.3 | 198.12 | OK | |||
r-devel-linux-x86_64-fedora-gcc | 0.2.3 | 213.32 | OK | |||
r-devel-windows-x86_64 | 0.2.3 | 7.00 | 126.00 | 133.00 | OK | |
r-patched-linux-x86_64 | 0.2.3 | 6.99 | 120.30 | 127.29 | OK | |
r-release-linux-x86_64 | 0.2.3 | 5.96 | 119.21 | 125.17 | OK | |
r-release-macos-arm64 | 0.2.3 | 96.00 | OK | |||
r-release-macos-x86_64 | 0.2.3 | 150.00 | OK | |||
r-release-windows-x86_64 | 0.2.3 | 9.00 | 126.00 | 135.00 | OK | |
r-oldrel-macos-arm64 | 0.2.3 | 92.00 | OK | |||
r-oldrel-macos-x86_64 | 0.2.3 | 163.00 | OK | |||
r-oldrel-windows-x86_64 | 0.2.3 | 7.00 | 150.00 | 157.00 | OK |
Version: 0.2.3
Check: HTML version of manual
Result: NOTE
Found the following HTML validation problems:
Pipeline.html:269:1 (Pipeline.Rd:744): Warning: <h5> anchor "Usage" already defined
Pipeline.html:282:1 (Pipeline.Rd:755): Warning: <h5> anchor "Arguments" already defined
Pipeline.html:320:1 (Pipeline.Rd:787): Warning: <h5> anchor "Returns" already defined
Pipeline.html:327:1 (Pipeline.Rd:790): Warning: <h5> anchor "Examples" already defined
Pipeline.html:374:1 (Pipeline.Rd:832): Warning: <h5> anchor "Usage" already defined
Pipeline.html:380:1 (Pipeline.Rd:836): Warning: <h5> anchor "Arguments" already defined
Pipeline.html:402:1 (Pipeline.Rd:852): Warning: <h5> anchor "Returns" already defined
Pipeline.html:409:1 (Pipeline.Rd:855): Warning: <h5> anchor "Examples" already defined
Pipeline.html:452:1 (Pipeline.Rd:893): Warning: <h5> anchor "Usage" already defined
Pipeline.html:458:1 (Pipeline.Rd:897): Warning: <h5> anchor "Arguments" already defined
Pipeline.html:473:1 (Pipeline.Rd:906): Warning: <h5> anchor "Returns" already defined
Pipeline.html:480:1 (Pipeline.Rd:909): Warning: <h5> anchor "Examples" already defined
Pipeline.html:508:1 (Pipeline.Rd:932): Warning: <h5> anchor "Usage" already defined
Pipeline.html:514:1 (Pipeline.Rd:936): Warning: <h5> anchor "Arguments" already defined
Pipeline.html:531:1 (Pipeline.Rd:947): Warning: <h5> anchor "Returns" already defined
Pipeline.html:539:1 (Pipeline.Rd:951): Warning: <h5> anchor "Examples" already defined
Pipeline.html:578:1 (Pipeline.Rd:985): Warning: <h5> anchor "Usage" already defined
Pipeline.html:584:1 (Pipeline.Rd:989): Warning: <h5> anchor "Arguments" already defined
Pipeline.html:606:1 (Pipeline.Rd:1005): Warning: <h5> anchor "Returns" already defined
Pipeline.html:613:1 (Pipeline.Rd:1008): Warning: <h5> anchor "Examples" already defined
Pipeline.html:654:1 (Pipeline.Rd:1044): Warning: <h5> anchor "Usage" already defined
Pipeline.html:660:1 (Pipeline.Rd:1048): Warning: <h5> anchor "Returns" already defined
Pipeline.html:668:1 (Pipeline.Rd:1052): Warning: <h5> anchor "Examples" already defined
Pipeline.html:690:1 (Pipeline.Rd:1069): Warning: <h5> anchor "Usage" already defined
Pipeline.html:696:1 (Pipeline.Rd:1073): Warning: <h5> anchor "Returns" already defined
Pipeline.html:703:1 (Pipeline.Rd:1076): Warning: <h5> anchor "Examples" already defined
Pipeline.html:726:1 (Pipeline.Rd:1094): Warning: <h5> anchor "Usage" already defined
Pipeline.html:732:1 (Pipeline.Rd:1098): Warning: <h5> anchor "Arguments" already defined
Pipeline.html:748:1 (Pipeline.Rd:1108): Warning: <h5> anchor "Returns" already defined
Pipeline.html:755:1 (Pipeline.Rd:1111): Warning: <h5> anchor "Examples" already defined
Pipeline.html:781:1 (Pipeline.Rd:1132): Warning: <h5> anchor "Usage" already defined
Pipeline.html:787:1 (Pipeline.Rd:1136): Warning: <h5> anchor "Arguments" already defined
Pipeline.html:803:1 (Pipeline.Rd:1146): Warning: <h5> anchor "Returns" already defined
Pipeline.html:810:1 (Pipeline.Rd:1149): Warning: <h5> anchor "Examples" already defined
Pipeline.html:835:1 (Pipeline.Rd:1169): Warning: <h5> anchor "Usage" already defined
Pipeline.html:841:1 (Pipeline.Rd:1173): Warning: <h5> anchor "Arguments" already defined
Pipeline.html:855:1 (Pipeline.Rd:1181): Warning: <h5> anchor "Returns" already defined
Pipeline.html:863:1 (Pipeline.Rd:1185): Warning: <h5> anchor "Examples" already defined
Pipeline.html:891:1 (Pipeline.Rd:1208): Warning: <h5> anchor "Usage" already defined
Pipeline.html:897:1 (Pipeline.Rd:1212): Warning: <h5> anchor "Arguments" already defined
Pipeline.html:910:1 (Pipeline.Rd:1219): Warning: <h5> anchor "Returns" already defined
Pipeline.html:917:1 (Pipeline.Rd:1222): Warning: <h5> anchor "Examples" already defined
Pipeline.html:944:1 (Pipeline.Rd:1244): Warning: <h5> anchor "Usage" already defined
Pipeline.html:950:1 (Pipeline.Rd:1248): Warning: <h5> anchor "Arguments" already defined
Pipeline.html:964:1 (Pipeline.Rd:1256): Warning: <h5> anchor "Returns" already defined
Pipeline.html:972:1 (Pipeline.Rd:1260): Warning: <h5> anchor "Examples" already defined
Pipeline.html:997:1 (Pipeline.Rd:1280): Warning: <h5> anchor "Usage" already defined
Pipeline.html:1003:1 (Pipeline.Rd:1284): Warning: <h5> anchor "Arguments" already defined
Pipeline.html:1019:1 (Pipeline.Rd:1294): Warning: <h5> anchor "Returns" already defined
Pipeline.html:1026:1 (Pipeline.Rd:1297): Warning: <h5> anchor "Examples" already defined
Pipeline.html:1057:1 (Pipeline.Rd:1323): Warning: <h5> anchor "Usage" already defined
Pipeline.html:1063:1 (Pipeline.Rd:1327): Warning: <h5> anchor "Arguments" already defined
Pipeline.html:1077:1 (Pipeline.Rd:1335): Warning: <h5> anchor "Returns" already defined
Pipeline.html:1084:1 (Pipeline.Rd:1338): Warning: <h5> anchor "Examples" already defined
Pipeline.html:1108:1 (Pipeline.Rd:1357): Warning: <h5> anchor "Usage" already defined
Pipeline.html:1114:1 (Pipeline.Rd:1361): Warning: <h5> anchor "Arguments" already defined
Pipeline.html:1128:1 (Pipeline.Rd:1369): Warning: <h5> anchor "Returns" already defined
Pipeline.html:1135:1 (Pipeline.Rd:1372): Warning: <h5> anchor "Examples" already defined
Pipeline.html:1159:1 (Pipeline.Rd:1391): Warning: <h5> anchor "Usage" already defined
Pipeline.html:1165:1 (Pipeline.Rd:1395): Warning: <h5> anchor "Arguments" already defined
Pipeline.html:1178:1 (Pipeline.Rd:1402): Warning: <h5> anchor "Returns" already defined
Pipeline.html:1185:1 (Pipeline.Rd:1405): Warning: <h5> anchor "Examples" already defined
Pipeline.html:1213:1 (Pipeline.Rd:1428): Warning: <h5> anchor "Usage" already defined
Pipeline.html:1219:1 (Pipeline.Rd:1432): Warning: <h5> anchor "Returns" already defined
Pipeline.html:1226:1 (Pipeline.Rd:1435): Warning: <h5> anchor "Examples" already defined
Pipeline.html:1248:1 (Pipeline.Rd:1452): Warning: <h5> anchor "Usage" already defined
Pipeline.html:1254:1 (Pipeline.Rd:1456): Warning: <h5> anchor "Arguments" already defined
Pipeline.html:1267:1 (Pipeline.Rd:1463): Warning: <h5> anchor "Returns" already defined
Pipeline.html:1274:1 (Pipeline.Rd:1466): Warning: <h5> anchor "Examples" already defined
Pipeline.html:1296:1 (Pipeline.Rd:1483): Warning: <h5> anchor "Usage" already defined
Pipeline.html:1302:1 (Pipeline.Rd:1487): Warning: <h5> anchor "Arguments" already defined
Pipeline.html:1315:1 (Pipeline.Rd:1494): Warning: <h5> anchor "Returns" already defined
Pipeline.html:1322:1 (Pipeline.Rd:1497): Warning: <h5> anchor "Examples" already defined
Pipeline.html:1345:1 (Pipeline.Rd:1515): Warning: <h5> anchor "Usage" already defined
Pipeline.html:1351:1 (Pipeline.Rd:1519): Warning: <h5> anchor "Arguments" already defined
Pipeline.html:1368:1 (Pipeline.Rd:1530): Warning: <h5> anchor "Returns" already defined
Pipeline.html:1375:1 (Pipeline.Rd:1533): Warning: <h5> anchor "Examples" already defined
Pipeline.html:1398:1 (Pipeline.Rd:1551): Warning: <h5> anchor "Usage" already defined
Pipeline.html:1404:1 (Pipeline.Rd:1555): Warning: <h5> anchor "Arguments" already defined
Pipeline.html:1421:1 (Pipeline.Rd:1566): Warning: <h5> anchor "Returns" already defined
Pipeline.html:1428:1 (Pipeline.Rd:1569): Warning: <h5> anchor "Examples" already defined
Pipeline.html:1451:1 (Pipeline.Rd:1587): Warning: <h5> anchor "Usage" already defined
Pipeline.html:1457:1 (Pipeline.Rd:1591): Warning: <h5> anchor "Returns" already defined
Pipeline.html:1464:1 (Pipeline.Rd:1594): Warning: <h5> anchor "Examples" already defined
Pipeline.html:1489:1 (Pipeline.Rd:1614): Warning: <h5> anchor "Usage" already defined
Pipeline.html:1495:1 (Pipeline.Rd:1618): Warning: <h5> anchor "Arguments" already defined
Pipeline.html:1508:1 (Pipeline.Rd:1625): Warning: <h5> anchor "Returns" already defined
Pipeline.html:1515:1 (Pipeline.Rd:1628): Warning: <h5> anchor "Examples" already defined
Pipeline.html:1546:1 (Pipeline.Rd:1654): Warning: <h5> anchor "Usage" already defined
Pipeline.html:1552:1 (Pipeline.Rd:1658): Warning: <h5> anchor "Returns" already defined
Pipeline.html:1559:1 (Pipeline.Rd:1661): Warning: <h5> anchor "Examples" already defined
Pipeline.html:1583:1 (Pipeline.Rd:1680): Warning: <h5> anchor "Usage" already defined
Pipeline.html:1589:1 (Pipeline.Rd:1684): Warning: <h5> anchor "Arguments" already defined
Pipeline.html:1602:1 (Pipeline.Rd:1691): Warning: <h5> anchor "Returns" already defined
Pipeline.html:1609:1 (Pipeline.Rd:1694): Warning: <h5> anchor "Examples" already defined
Pipeline.html:1633:1 (Pipeline.Rd:1713): Warning: <h5> anchor "Usage" already defined
Pipeline.html:1639:1 (Pipeline.Rd:1717): Warning: <h5> anchor "Arguments" already defined
Pipeline.html:1652:1 (Pipeline.Rd:1724): Warning: <h5> anchor "Returns" already defined
Pipeline.html:1659:1 (Pipeline.Rd:1727): Warning: <h5> anchor "Examples" already defined
Pipeline.html:1683:1 (Pipeline.Rd:1746): Warning: <h5> anchor "Usage" already defined
Pipeline.html:1689:1 (Pipeline.Rd:1750): Warning: <h5> anchor "Arguments" already defined
Pipeline.html:1703:1 (Pipeline.Rd:1758): Warning: <h5> anchor "Returns" already defined
Pipeline.html:1710:1 (Pipeline.Rd:1761): Warning: <h5> anchor "Examples" already defined
Pipeline.html:1735:1 (Pipeline.Rd:1781): Warning: <h5> anchor "Usage" already defined
Pipeline.html:1741:1 (Pipeline.Rd:1785): Warning: <h5> anchor "Arguments" already defined
Pipeline.html:1757:1 (Pipeline.Rd:1795): Warning: <h5> anchor "Returns" already defined
Pipeline.html:1764:1 (Pipeline.Rd:1798): Warning: <h5> anchor "Examples" already defined
Pipeline.html:1792:1 (Pipeline.Rd:1821): Warning: <h5> anchor "Usage" already defined
Pipeline.html:1798:1 (Pipeline.Rd:1825): Warning: <h5> anchor "Arguments" already defined
Pipeline.html:1813:1 (Pipeline.Rd:1834): Warning: <h5> anchor "Returns" already defined
Pipeline.html:1820:1 (Pipeline.Rd:1837): Warning: <h5> anchor "Examples" already defined
Pipeline.html:1845:1 (Pipeline.Rd:1857): Warning: <h5> anchor "Usage" already defined
Pipeline.html:1858:1 (Pipeline.Rd:1868): Warning: <h5> anchor "Arguments" already defined
Pipeline.html:1891:1 (Pipeline.Rd:1895): Warning: <h5> anchor "Returns" already defined
Pipeline.html:1898:1 (Pipeline.Rd:1898): Warning: <h5> anchor "Examples" already defined
Pipeline.html:1926:1 (Pipeline.Rd:1921): Warning: <h5> anchor "Usage" already defined
Pipeline.html:1932:1 (Pipeline.Rd:1925): Warning: <h5> anchor "Returns" already defined
Pipeline.html:1939:1 (Pipeline.Rd:1928): Warning: <h5> anchor "Examples" already defined
Pipeline.html:1964:1 (Pipeline.Rd:1948): Warning: <h5> anchor "Usage" already defined
Pipeline.html:1976:1 (Pipeline.Rd:1958): Warning: <h5> anchor "Arguments" already defined
Pipeline.html:2007:1 (Pipeline.Rd:1983): Warning: <h5> anchor "Returns" already defined
Pipeline.html:2014:1 (Pipeline.Rd:1986): Warning: <h5> anchor "Examples" already defined
Pipeline.html:2066:1 (Pipeline.Rd:2033): Warning: <h5> anchor "Usage" already defined
Pipeline.html:2077:1 (Pipeline.Rd:2042): Warning: <h5> anchor "Arguments" already defined
Pipeline.html:2100:1 (Pipeline.Rd:2059): Warning: <h5> anchor "Returns" already defined
Pipeline.html:2107:1 (Pipeline.Rd:2062): Warning: <h5> anchor "Examples" already defined
Pipeline.html:2132:1 (Pipeline.Rd:2082): Warning: <h5> anchor "Usage" already defined
Pipeline.html:2138:1 (Pipeline.Rd:2086): Warning: <h5> anchor "Arguments" already defined
Pipeline.html:2151:1 (Pipeline.Rd:2093): Warning: <h5> anchor "Returns" already defined
Pipeline.html:2158:1 (Pipeline.Rd:2096): Warning: <h5> anchor "Examples" already defined
Pipeline.html:2186:1 (Pipeline.Rd:2119): Warning: <h5> anchor "Usage" already defined
Pipeline.html:2197:1 (Pipeline.Rd:2128): Warning: <h5> anchor "Arguments" already defined
Pipeline.html:2219:1 (Pipeline.Rd:2144): Warning: <h5> anchor "Returns" already defined
Pipeline.html:2227:1 (Pipeline.Rd:2148): Warning: <h5> anchor "Examples" already defined
Pipeline.html:2277:1 (Pipeline.Rd:2193): Warning: <h5> anchor "Usage" already defined
Pipeline.html:2283:1 (Pipeline.Rd:2197): Warning: <h5> anchor "Arguments" already defined
Pipeline.html:2298:1 (Pipeline.Rd:2206): Warning: <h5> anchor "Returns" already defined
Pipeline.html:2305:1 (Pipeline.Rd:2209): Warning: <h5> anchor "Examples" already defined
Pipeline.html:2334:1 (Pipeline.Rd:2233): Warning: <h5> anchor "Usage" already defined
Pipeline.html:2340:1 (Pipeline.Rd:2237): Warning: <h5> anchor "Arguments" already defined
Pipeline.html:2356:1 (Pipeline.Rd:2247): Warning: <h5> anchor "Returns" already defined
Pipeline.html:2363:1 (Pipeline.Rd:2250): Warning: <h5> anchor "Examples" already defined
Pipeline.html:2396:1 (Pipeline.Rd:2278): Warning: <h5> anchor "Usage" already defined
Pipeline.html:2402:1 (Pipeline.Rd:2282): Warning: <h5> anchor "Arguments" already defined
Pipeline.html:2417:1 (Pipeline.Rd:2291): Warning: <h5> anchor "Returns" already defined
Pipeline.html:2424:1 (Pipeline.Rd:2294): Warning: <h5> anchor "Examples" already defined
Pipeline.html:2447:1 (Pipeline.Rd:2312): Warning: <h5> anchor "Usage" already defined
Pipeline.html:2453:1 (Pipeline.Rd:2316): Warning: <h5> anchor "Returns" already defined
Pipeline.html:2460:1 (Pipeline.Rd:2319): Warning: <h5> anchor "Examples" already defined
Pipeline.html:2494:1 (Pipeline.Rd:2348): Warning: <h5> anchor "Usage" already defined
Pipeline.html:2500:1 (Pipeline.Rd:2352): Warning: <h5> anchor "Arguments" already defined
Pipeline.html:2513:1 (Pipeline.Rd:2359): Warning: <h5> anchor "Returns" already defined
Pipeline.html:2520:1 (Pipeline.Rd:2362): Warning: <h5> anchor "Examples" already defined
Pipeline.html:2547:1 (Pipeline.Rd:2384): Warning: <h5> anchor "Usage" already defined
Pipeline.html:2553:1 (Pipeline.Rd:2388): Warning: <h5> anchor "Arguments" already defined
Flavor: r-devel-linux-x86_64-debian-gcc