Last updated on 2025-11-24 09:50:39 CET.
| Flavor | Version | Tinstall | Tcheck | Ttotal | Status | Flags |
|---|---|---|---|---|---|---|
| r-devel-linux-x86_64-debian-clang | 1.0 | 8.38 | 68.97 | 77.35 | NOTE | |
| r-devel-linux-x86_64-debian-gcc | 1.0 | 6.17 | 52.16 | 58.33 | NOTE | |
| r-devel-linux-x86_64-fedora-clang | 1.0 | 21.00 | 100.28 | 121.28 | OK | |
| r-devel-linux-x86_64-fedora-gcc | 1.0 | 17.00 | 98.20 | 115.20 | OK | |
| r-devel-windows-x86_64 | 1.0 | 12.00 | 76.00 | 88.00 | OK | |
| r-patched-linux-x86_64 | 1.0 | 8.06 | 66.66 | 74.72 | OK | |
| r-release-linux-x86_64 | 1.0 | 7.86 | 66.49 | 74.35 | OK | |
| r-release-macos-arm64 | 1.0 | OK | ||||
| r-release-macos-x86_64 | 1.0 | 9.00 | 63.00 | 72.00 | OK | |
| r-release-windows-x86_64 | 1.0 | 9.00 | 83.00 | 92.00 | OK | |
| r-oldrel-macos-arm64 | 1.0 | OK | ||||
| r-oldrel-macos-x86_64 | 1.0 | 6.00 | 45.00 | 51.00 | OK | |
| r-oldrel-windows-x86_64 | 1.0 | 12.00 | 91.00 | 103.00 | OK |
Version: 1.0
Check: CRAN incoming feasibility
Result: NOTE
Maintainer: ‘Jiebiao Wang <randel.wang@gmail.com>’
No Authors@R field in DESCRIPTION.
Please add one, modifying
Authors@R: c(person(given = "Jiebiao",
family = "Wang",
role = c("aut", "cre"),
email = "randel.wang@gmail.com"),
person(given = c("Lin", "S."),
family = "Chen",
role = "aut"))
as necessary.
Flavors: r-devel-linux-x86_64-debian-clang, r-devel-linux-x86_64-debian-gcc