Last updated on 2025-10-20 09:49:35 CEST.
Flavor | Version | Tinstall | Tcheck | Ttotal | Status | Flags |
---|---|---|---|---|---|---|
r-devel-linux-x86_64-debian-clang | 1.4-28 | 8.33 | 147.31 | 155.64 | OK | |
r-devel-linux-x86_64-debian-gcc | 1.4-28 | 6.37 | 109.18 | 115.55 | OK | |
r-devel-linux-x86_64-fedora-clang | 1.4-28 | 254.36 | NOTE | |||
r-devel-linux-x86_64-fedora-gcc | 1.4-28 | 247.56 | OK | |||
r-devel-windows-x86_64 | 1.4-28 | 11.00 | 220.00 | 231.00 | OK | |
r-patched-linux-x86_64 | 1.4-28 | 9.27 | 142.79 | 152.06 | OK | |
r-release-linux-x86_64 | 1.4-28 | 9.16 | 145.83 | 154.99 | OK | |
r-release-macos-arm64 | 1.4-28 | 104.00 | OK | |||
r-release-macos-x86_64 | 1.4-28 | 202.00 | OK | |||
r-release-windows-x86_64 | 1.4-28 | 11.00 | 222.00 | 233.00 | OK | |
r-oldrel-macos-arm64 | 1.4-28 | 98.00 | OK | |||
r-oldrel-macos-x86_64 | 1.4-29 | 153.00 | WARN | |||
r-oldrel-windows-x86_64 | 1.4-28 | 16.00 | 247.00 | 263.00 | OK |
Version: 1.4-28
Check: differences from ‘multcomp-Ex.Rout’ to ‘multcomp-Ex.Rout.save’
Result: NOTE
758c758
< Quantile = 2.3427
---
> Quantile = 2.3437
764,766c764,766
< M - L == 0 1.1971 -0.2329 2.6270
< H - L == 0 2.1614 0.6769 3.6460
< H - M == 0 0.9644 -0.4291 2.3579
---
> M - L == 0 1.1969 -0.2336 2.6275
> H - L == 0 2.1613 0.6761 3.6464
> H - M == 0 0.9643 -0.4297 2.3584
Flavor: r-devel-linux-x86_64-fedora-clang
Version: 1.4-29
Check: package subdirectories
Result: WARN
Subdirectory 'demo' contains invalid file names:
‘Ch_Appl.Rout.save’ ‘Ch_GLM.Rout.save’ ‘Ch_Intro.Rout.save’
‘Ch_Misc.Rout.save’ ‘Ch_Theory.Rout.save’
Please remove or rename the files.
See section ‘Package subdirectories’ in the ‘Writing R Extensions’
manual.
Flavor: r-oldrel-macos-x86_64