Last updated on 2025-10-21 09:48:38 CEST.
Flavor | Version | Tinstall | Tcheck | Ttotal | Status | Flags |
---|---|---|---|---|---|---|
r-devel-linux-x86_64-debian-clang | 2.5.0 | 10.24 | 77.79 | 88.03 | OK | |
r-devel-linux-x86_64-debian-gcc | 2.5.0 | 7.04 | 52.92 | 59.96 | NOTE | |
r-devel-linux-x86_64-fedora-clang | 2.5.0 | 136.02 | OK | |||
r-devel-linux-x86_64-fedora-gcc | 2.5.0 | 119.86 | OK | |||
r-devel-windows-x86_64 | 2.5.0 | 12.00 | 92.00 | 104.00 | OK | |
r-patched-linux-x86_64 | 2.5.0 | 10.71 | 71.19 | 81.90 | OK | |
r-release-linux-x86_64 | 2.5.0 | 10.32 | 70.70 | 81.02 | OK | |
r-release-macos-arm64 | 2.5.0 | 36.00 | OK | |||
r-release-macos-x86_64 | 2.5.0 | 73.00 | OK | |||
r-release-windows-x86_64 | 2.5.0 | 13.00 | 94.00 | 107.00 | OK | |
r-oldrel-macos-arm64 | 2.5.0 | 42.00 | OK | |||
r-oldrel-macos-x86_64 | 2.5.0 | 59.00 | OK | |||
r-oldrel-windows-x86_64 | 2.5.0 | 16.00 | 115.00 | 131.00 | OK |
Version: 2.5.0
Check: HTML version of manual
Result: NOTE
Found the following HTML validation problems:
Histogram.html:55:1 (Histogram.Rd:12): Warning: missing </ul> before </div>
NPercent.html:50:1 (NPercent.Rd:12): Warning: missing </ul> before </div>
Ncol.html:50:1 (Ncol.Rd:12): Warning: missing </ul> before </div>
PercentMissing.html:46:1 (PercentMissing.Rd:10): Warning: missing </ul> before </div>
config_modelsummary.html:73:1 (config_modelsummary.Rd:27): Warning: missing </ul> before </div>
escape_html.html:47:1 (escape_html.Rd:10): Warning: missing </ul> before </div>
escape_latex.html:55:1 (escape_latex.Rd:14): Warning: missing </ul> before </div>
fmt_decimal.html:54:1 (fmt_decimal.Rd:14): Warning: missing </ul> before </div>
fmt_sci.html:50:1 (fmt_sci.Rd:12): Warning: missing </ul> before </div>
fmt_significant.html:50:1 (fmt_significant.Rd:12): Warning: missing </ul> before </div>
fmt_statistic.html:50:1 (fmt_statistic.Rd:12): Warning: missing </ul> before </div>
fmt_term.html:50:1 (fmt_term.Rd:12): Warning: missing </ul> before </div>
glance_custom.html:52:1 (glance_custom.Rd:13): Warning: missing </ul> before </div>
update_modelsummary.html:46:1 (update_modelsummary.Rd:10): Warning: missing </ul> before </div>
Flavor: r-devel-linux-x86_64-debian-gcc