Last updated on 2025-10-21 09:48:38 CEST.
Flavor | Version | Tinstall | Tcheck | Ttotal | Status | Flags |
---|---|---|---|---|---|---|
r-devel-linux-x86_64-debian-clang | 0.4.0 | 15.13 | 387.57 | 402.70 | OK | |
r-devel-linux-x86_64-debian-gcc | 0.4.0 | 9.77 | 267.16 | 276.93 | NOTE | |
r-devel-linux-x86_64-fedora-clang | 0.4.0 | 571.92 | OK | |||
r-devel-linux-x86_64-fedora-gcc | 0.4.0 | 529.33 | OK | |||
r-devel-windows-x86_64 | 0.4.0 | 16.00 | 292.00 | 308.00 | OK | |
r-patched-linux-x86_64 | 0.4.0 | 12.74 | 341.94 | 354.68 | OK | |
r-release-linux-x86_64 | 0.4.0 | 13.20 | 332.37 | 345.57 | OK | |
r-release-macos-arm64 | 0.4.0 | 135.00 | OK | |||
r-release-macos-x86_64 | 0.4.0 | 276.00 | OK | |||
r-release-windows-x86_64 | 0.4.0 | 16.00 | 291.00 | 307.00 | OK | |
r-oldrel-macos-arm64 | 0.4.0 | 137.00 | OK | |||
r-oldrel-macos-x86_64 | 0.4.0 | 261.00 | OK | |||
r-oldrel-windows-x86_64 | 0.4.0 | 21.00 | 397.00 | 418.00 | OK |
Version: 0.4.0
Check: HTML version of manual
Result: NOTE
Found the following HTML validation problems:
MeasureFairness.html:160:1 (MeasureFairness.Rd:121): Warning: <h5> anchor "Usage" already defined
MeasureFairness.html:166:1 (MeasureFairness.Rd:125): Warning: <h5> anchor "Arguments" already defined
MeasureFairnessComposite.html:137:1 (MeasureFairnessComposite.Rd:96): Warning: <h5> anchor "Usage" already defined
MeasureFairnessComposite.html:143:1 (MeasureFairnessComposite.Rd:100): Warning: <h5> anchor "Arguments" already defined
MeasureFairnessConstraint.html:151:1 (MeasureFairnessConstraint.Rd:110): Warning: <h5> anchor "Usage" already defined
MeasureFairnessConstraint.html:157:1 (MeasureFairnessConstraint.Rd:114): Warning: <h5> anchor "Arguments" already defined
MeasureSubgroup.html:131:1 (MeasureSubgroup.Rd:93): Warning: <h5> anchor "Usage" already defined
MeasureSubgroup.html:137:1 (MeasureSubgroup.Rd:97): Warning: <h5> anchor "Arguments" already defined
mlr_learners_classif.fairfgrrm.html:168:1 (mlr_learners_classif.fairfgrrm.Rd:119): Warning: <h5> anchor "Usage" already defined
mlr_learners_classif.fairzlrm.html:153:1 (mlr_learners_classif.fairzlrm.Rd:116): Warning: <h5> anchor "Usage" already defined
mlr_learners_regr.fairfrrm.html:165:1 (mlr_learners_regr.fairfrrm.Rd:122): Warning: <h5> anchor "Usage" already defined
mlr_learners_regr.fairnclm.html:161:1 (mlr_learners_regr.fairnclm.Rd:118): Warning: <h5> anchor "Usage" already defined
mlr_learners_regr.fairzlm.html:153:1 (mlr_learners_regr.fairzlm.Rd:116): Warning: <h5> anchor "Usage" already defined
mlr_measures_positive_probability.html:88:1 (mlr_measures_positive_probability.Rd:59): Warning: <h5> anchor "Usage" already defined
mlr_pipeops_equalized_odds.html:101:1 (mlr_pipeops_equalized_odds.Rd:107): Warning: <h3> anchor "Methods" already defined
mlr_pipeops_equalized_odds.html:171:1 (mlr_pipeops_equalized_odds.Rd:150): Warning: <h5> anchor "Usage" already defined
mlr_pipeops_equalized_odds.html:177:1 (mlr_pipeops_equalized_odds.Rd:154): Warning: <h5> anchor "Arguments" already defined
mlr_pipeops_explicit_pta.html:95:1 (mlr_pipeops_explicit_pta.Rd:76): Warning: <h3> anchor "Methods" already defined
mlr_pipeops_explicit_pta.html:165:1 (mlr_pipeops_explicit_pta.Rd:119): Warning: <h5> anchor "Usage" already defined
mlr_pipeops_explicit_pta.html:171:1 (mlr_pipeops_explicit_pta.Rd:123): Warning: <h5> anchor "Arguments" already defined
mlr_pipeops_reweighing.html:121:1 (mlr_pipeops_reweighing.Rd:114): Warning: <h3> anchor "Methods" already defined
mlr_pipeops_reweighing.html:201:1 (mlr_pipeops_reweighing.Rd:164): Warning: <h5> anchor "Usage" already defined
mlr_pipeops_reweighing.html:207:1 (mlr_pipeops_reweighing.Rd:168): Warning: <h5> anchor "Arguments" already defined
mlr_pipeops_reweighing.html:221:1 (mlr_pipeops_reweighing.Rd:177): Warning: <h3> anchor "Super-classes" already defined
mlr_pipeops_reweighing.html:227:1 (mlr_pipeops_reweighing.Rd:180): Warning: <h3> anchor "Methods" already defined
mlr_pipeops_reweighing.html:231:1 (mlr_pipeops_reweighing.Rd:181): Warning: <h4> anchor "Public-methods" already defined
mlr_pipeops_reweighing.html:258:1 (mlr_pipeops_reweighing.Rd:200): Warning: <h4> anchor "Method-+E2+80+98new+28+29+E2+80+99" already defined
mlr_pipeops_reweighing.html:262:1 (mlr_pipeops_reweighing.Rd:201): Warning: <h5> anchor "Usage" already defined
mlr_pipeops_reweighing.html:268:1 (mlr_pipeops_reweighing.Rd:205): Warning: <h5> anchor "Arguments" already defined
mlr_pipeops_reweighing.html:289:1 (mlr_pipeops_reweighing.Rd:220): Warning: <h4> anchor "Method-+E2+80+98clone+28+29+E2+80+99" already defined
mlr_pipeops_reweighing.html:295:1 (mlr_pipeops_reweighing.Rd:222): Warning: <h5> anchor "Usage" already defined
mlr_pipeops_reweighing.html:301:1 (mlr_pipeops_reweighing.Rd:226): Warning: <h5> anchor "Arguments" already defined
Flavor: r-devel-linux-x86_64-debian-gcc