Last updated on 2025-10-21 09:48:38 CEST.
Flavor | Version | Tinstall | Tcheck | Ttotal | Status | Flags |
---|---|---|---|---|---|---|
r-devel-linux-x86_64-debian-clang | 3.4.0 | 5.70 | 47.98 | 53.68 | OK | |
r-devel-linux-x86_64-debian-gcc | 3.4.0 | 4.06 | 35.56 | 39.62 | NOTE | |
r-devel-linux-x86_64-fedora-clang | 3.4.0 | 81.04 | OK | |||
r-devel-linux-x86_64-fedora-gcc | 3.4.0 | 75.63 | OK | |||
r-devel-windows-x86_64 | 3.4.0 | 8.00 | 67.00 | 75.00 | OK | |
r-patched-linux-x86_64 | 3.4.0 | 6.74 | 45.26 | 52.00 | OK | |
r-release-linux-x86_64 | 3.4.0 | 5.76 | 44.42 | 50.18 | OK | |
r-release-macos-arm64 | 3.4.0 | 27.00 | OK | |||
r-release-macos-x86_64 | 3.4.0 | 53.00 | OK | |||
r-release-windows-x86_64 | 3.4.0 | 8.00 | 68.00 | 76.00 | OK | |
r-oldrel-macos-arm64 | 3.4.0 | 30.00 | OK | |||
r-oldrel-macos-x86_64 | 3.4.0 | 51.00 | OK | |||
r-oldrel-windows-x86_64 | 3.4.0 | 10.00 | 81.00 | 91.00 | OK |
Version: 3.4.0
Check: HTML version of manual
Result: NOTE
Found the following HTML validation problems:
mlflow_client.html:48:1 (mlflow_client.Rd:11): Warning: missing </ul> before </div>
mlflow_create_experiment.html:67:1 (mlflow_create_experiment.Rd:25): Warning: missing </ul> before </div>
mlflow_create_model_version.html:83:1 (mlflow_create_model_version.Rd:35): Warning: missing </ul> before </div>
mlflow_create_registered_model.html:66:1 (mlflow_create_registered_model.Rd:24): Warning: missing </ul> before </div>
mlflow_delete_experiment.html:54:1 (mlflow_delete_experiment.Rd:15): Warning: missing </ul> before </div>
mlflow_delete_model_version.html:57:1 (mlflow_delete_model_version.Rd:17): Warning: missing </ul> before </div>
mlflow_delete_registered_model.html:53:1 (mlflow_delete_registered_model.Rd:15): Warning: missing </ul> before </div>
mlflow_delete_run.html:53:1 (mlflow_delete_run.Rd:15): Warning: missing </ul> before </div>
mlflow_delete_tag.html:58:1 (mlflow_delete_tag.Rd:17): Warning: missing </ul> before </div>
mlflow_download_artifacts.html:58:1 (mlflow_download_artifacts.Rd:17): Warning: missing </ul> before </div>
mlflow_end_run.html:67:1 (mlflow_end_run.Rd:25): Warning: missing </ul> before </div>
mlflow_get_experiment.html:58:1 (mlflow_get_experiment.Rd:17): Warning: missing </ul> before </div>
mlflow_get_latest_versions.html:58:1 (mlflow_get_latest_versions.Rd:18): Warning: missing </ul> before </div>
mlflow_get_metric_history.html:57:1 (mlflow_get_metric_history.Rd:17): Warning: missing </ul> before </div>
mlflow_get_model_version.html:57:1 (mlflow_get_model_version.Rd:17): Warning: missing </ul> before </div>
mlflow_get_registered_model.html:53:1 (mlflow_get_registered_model.Rd:15): Warning: missing </ul> before </div>
mlflow_get_run.html:54:1 (mlflow_get_run.Rd:15): Warning: missing </ul> before </div>
mlflow_id.html:52:1 (mlflow_id.Rd:16): Warning: missing </ul> before </div>
mlflow_list_artifacts.html:58:1 (mlflow_list_artifacts.Rd:18): Warning: missing </ul> before </div>
mlflow_load_flavor.html:55:1 (mlflow_load_flavor.Rd:14): Warning: missing </ul> before </div>
mlflow_log_batch.html:76:1 (mlflow_log_batch.Rd:30): Warning: missing </ul> before </div>
mlflow_log_metric.html:80:1 (mlflow_log_metric.Rd:32): Warning: missing </ul> before </div>
mlflow_log_model.html:58:1 (mlflow_log_model.Rd:17): Warning: missing </ul> before </div>
mlflow_log_param.html:64:1 (mlflow_log_param.Rd:19): Warning: missing </ul> before </div>
mlflow_predict.html:57:1 (mlflow_predict.Rd:15): Warning: missing </ul> before </div>
mlflow_rename_experiment.html:57:1 (mlflow_rename_experiment.Rd:17): Warning: missing </ul> before </div>
mlflow_rename_registered_model.html:57:1 (mlflow_rename_registered_model.Rd:17): Warning: missing </ul> before </div>
mlflow_restore_run.html:53:1 (mlflow_restore_run.Rd:15): Warning: missing </ul> before </div>
mlflow_save_model.html:76:1 (mlflow_save_model.Rd:32): Warning: missing </ul> before </div>
mlflow_search_experiments.html:80:1 (mlflow_search_experiments.Rd:34): Warning: missing </ul> before </div>
mlflow_search_registered_models.html:74:1 (mlflow_search_registered_models.Rd:30): Warning: missing </ul> before </div>
mlflow_search_runs.html:74:1 (mlflow_search_runs.Rd:30): Warning: missing </ul> before </div>
mlflow_server.html:78:1 (mlflow_server.Rd:30): Warning: missing </ul> before </div>
mlflow_set_experiment.html:61:1 (mlflow_set_experiment.Rd:19): Warning: missing </ul> before </div>
mlflow_set_experiment_tag.html:63:1 (mlflow_set_experiment_tag.Rd:21): Warning: missing </ul> before </div>
mlflow_set_model_version_tag.html:78:1 (mlflow_set_model_version_tag.Rd:30): Warning: missing </ul> before </div>
mlflow_set_tag.html:62:1 (mlflow_set_tag.Rd:19): Warning: missing </ul> before </div>
mlflow_set_tracking_uri.html:47:1 (mlflow_set_tracking_uri.Rd:10): Warning: missing </ul> before </div>
mlflow_source.html:47:1 (mlflow_source.Rd:10): Warning: missing </ul> before </div>
mlflow_transition_model_version_stage.html:71:1 (mlflow_transition_model_version_stage.Rd:27): Warning: missing </ul> before </div>
mlflow_update_model_version.html:61:1 (mlflow_update_model_version.Rd:19): Warning: missing </ul> before </div>
mlflow_update_registered_model.html:57:1 (mlflow_update_registered_model.Rd:17): Warning: missing </ul> before </div>
Flavor: r-devel-linux-x86_64-debian-gcc