Last updated on 2025-10-21 09:48:38 CEST.
Flavor | Version | Tinstall | Tcheck | Ttotal | Status | Flags |
---|---|---|---|---|---|---|
r-devel-linux-x86_64-debian-clang | 0.0.8 | 12.61 | 266.71 | 279.32 | OK | |
r-devel-linux-x86_64-debian-gcc | 0.0.8 | 8.44 | 192.87 | 201.31 | NOTE | |
r-devel-linux-x86_64-fedora-clang | 0.0.8 | 475.14 | OK | |||
r-devel-linux-x86_64-fedora-gcc | 0.0.8 | 528.65 | OK | |||
r-devel-windows-x86_64 | 0.0.8 | 13.00 | 400.00 | 413.00 | OK | |
r-patched-linux-x86_64 | 0.0.7 | 10.13 | 265.88 | 276.01 | OK | |
r-release-linux-x86_64 | 0.0.8 | 11.99 | 262.12 | 274.11 | OK | |
r-release-macos-arm64 | 0.0.8 | 194.00 | OK | |||
r-release-macos-x86_64 | 0.0.8 | 369.00 | OK | |||
r-release-windows-x86_64 | 0.0.8 | 15.00 | 383.00 | 398.00 | OK | |
r-oldrel-macos-arm64 | 0.0.8 | 204.00 | OK | |||
r-oldrel-macos-x86_64 | 0.0.8 | 384.00 | OK | |||
r-oldrel-windows-x86_64 | 0.0.8 | 16.00 | 493.00 | 509.00 | OK |
Version: 0.0.8
Check: HTML version of manual
Result: NOTE
Found the following HTML validation problems:
LearnerGlm.html:138:1 (LearnerGlm.Rd:93): Warning: <h5> anchor "Usage" already defined
LearnerKnn.html:165:1 (LearnerKnn.Rd:109): Warning: <h5> anchor "Usage" already defined
LearnerLm.html:138:1 (LearnerLm.Rd:93): Warning: <h5> anchor "Usage" already defined
LearnerRpart.html:184:1 (LearnerRpart.Rd:127): Warning: <h5> anchor "Usage" already defined
MLBase.html:131:1 (MLBase.Rd:65): Warning: missing </ul> before </div>
MLBase.html:108:1 (MLBase.Rd:54): Warning: <h5> anchor "Usage" already defined
MLBase.html:114:1 (MLBase.Rd:58): Warning: <h5> anchor "Arguments" already defined
MLCrossValidation.html:206:1 (MLCrossValidation.Rd:273): Warning: <h5> anchor "Usage" already defined
MLCrossValidation.html:212:1 (MLCrossValidation.Rd:277): Warning: <h5> anchor "Details" already defined
MLCrossValidation.html:263:1 (MLCrossValidation.Rd:303): Warning: <h5> anchor "Examples" already defined
MLCrossValidation.html:322:1 (MLCrossValidation.Rd:357): Warning: <h5> anchor "Usage" already defined
MLCrossValidation.html:328:1 (MLCrossValidation.Rd:361): Warning: <h5> anchor "Arguments" already defined
MLExperimentsBase.html:190:1 (MLExperimentsBase.Rd:103): Warning: missing </ul> before </div>
MLExperimentsBase.html:123:1 (MLExperimentsBase.Rd:64): Warning: <h5> anchor "Usage" already defined
MLExperimentsBase.html:129:1 (MLExperimentsBase.Rd:68): Warning: <h5> anchor "Arguments" already defined
MLExperimentsBase.html:148:1 (MLExperimentsBase.Rd:81): Warning: <h5> anchor "Returns" already defined
MLExperimentsBase.html:167:1 (MLExperimentsBase.Rd:92): Warning: <h5> anchor "Usage" already defined
MLExperimentsBase.html:173:1 (MLExperimentsBase.Rd:96): Warning: <h5> anchor "Arguments" already defined
MLLearnerBase.html:179:1 (MLLearnerBase.Rd:184): Warning: <h5> anchor "Usage" already defined
MLLearnerBase.html:185:1 (MLLearnerBase.Rd:188): Warning: <h5> anchor "Arguments" already defined
MLLearnerBase.html:213:1 (MLLearnerBase.Rd:207): Warning: <h5> anchor "Returns" already defined
MLLearnerBase.html:220:1 (MLLearnerBase.Rd:210): Warning: <h5> anchor "Examples" already defined
MLLearnerBase.html:246:1 (MLLearnerBase.Rd:231): Warning: <h5> anchor "Usage" already defined
MLLearnerBase.html:252:1 (MLLearnerBase.Rd:235): Warning: <h5> anchor "Arguments" already defined
MLLearnerBase.html:265:1 (MLLearnerBase.Rd:242): Warning: <h5> anchor "Details" already defined
MLLearnerBase.html:279:1 (MLLearnerBase.Rd:253): Warning: <h5> anchor "Returns" already defined
MLLearnerBase.html:286:1 (MLLearnerBase.Rd:256): Warning: <h5> anchor "Examples" already defined
MLLearnerBase.html:312:1 (MLLearnerBase.Rd:277): Warning: <h5> anchor "Usage" already defined
MLLearnerBase.html:318:1 (MLLearnerBase.Rd:281): Warning: <h5> anchor "Arguments" already defined
MLLearnerBase.html:341:1 (MLLearnerBase.Rd:298): Warning: <h5> anchor "Details" already defined
MLLearnerBase.html:358:1 (MLLearnerBase.Rd:312): Warning: <h5> anchor "Returns" already defined
MLLearnerBase.html:365:1 (MLLearnerBase.Rd:315): Warning: <h5> anchor "Examples" already defined
MLLearnerBase.html:392:1 (MLLearnerBase.Rd:337): Warning: <h5> anchor "Usage" already defined
MLLearnerBase.html:398:1 (MLLearnerBase.Rd:341): Warning: <h5> anchor "Arguments" already defined
MLLearnerBase.html:412:1 (MLLearnerBase.Rd:349): Warning: <h5> anchor "Details" already defined
MLLearnerBase.html:426:1 (MLLearnerBase.Rd:360): Warning: <h5> anchor "Returns" already defined
MLLearnerBase.html:433:1 (MLLearnerBase.Rd:363): Warning: <h5> anchor "Examples" already defined
MLLearnerBase.html:459:1 (MLLearnerBase.Rd:384): Warning: <h5> anchor "Usage" already defined
MLLearnerBase.html:465:1 (MLLearnerBase.Rd:388): Warning: <h5> anchor "Arguments" already defined
MLNestedCV.html:234:1 (MLNestedCV.Rd:326): Warning: <h5> anchor "Usage" already defined
MLNestedCV.html:240:1 (MLNestedCV.Rd:330): Warning: <h5> anchor "Details" already defined
MLNestedCV.html:295:1 (MLNestedCV.Rd:358): Warning: <h5> anchor "Examples" already defined
MLNestedCV.html:368:1 (MLNestedCV.Rd:426): Warning: <h5> anchor "Usage" already defined
MLNestedCV.html:374:1 (MLNestedCV.Rd:430): Warning: <h5> anchor "Arguments" already defined
MLTuneParameters.html:197:1 (MLTuneParameters.Rd:197): Warning: <h5> anchor "Usage" already defined
MLTuneParameters.html:203:1 (MLTuneParameters.Rd:201): Warning: <h5> anchor "Arguments" already defined
MLTuneParameters.html:217:1 (MLTuneParameters.Rd:209): Warning: <h5> anchor "Details" already defined
MLTuneParameters.html:240:1 (MLTuneParameters.Rd:224): Warning: <h5> anchor "Returns" already defined
MLTuneParameters.html:250:1 (MLTuneParameters.Rd:230): Warning: <h5> anchor "Examples" already defined
MLTuneParameters.html:305:1 (MLTuneParameters.Rd:280): Warning: <h5> anchor "Usage" already defined
MLTuneParameters.html:311:1 (MLTuneParameters.Rd:284): Warning: <h5> anchor "Arguments" already defined
Flavor: r-devel-linux-x86_64-debian-gcc