Last updated on 2025-11-11 10:50:06 CET.
| Flavor | Version | Tinstall | Tcheck | Ttotal | Status | Flags |
|---|---|---|---|---|---|---|
| r-devel-linux-x86_64-debian-clang | 1.0.0 | 3.93 | 51.21 | 55.14 | OK | |
| r-devel-linux-x86_64-debian-gcc | 1.0.0 | 2.51 | 37.32 | 39.83 | OK | |
| r-devel-linux-x86_64-fedora-clang | 1.0.0 | 84.23 | OK | |||
| r-devel-linux-x86_64-fedora-gcc | 1.0.0 | 78.68 | OK | |||
| r-devel-windows-x86_64 | 1.0.0 | 6.00 | 69.00 | 75.00 | OK | |
| r-patched-linux-x86_64 | 1.0.0 | 4.25 | 48.78 | 53.03 | OK | |
| r-release-linux-x86_64 | 1.0.0 | 4.02 | 48.20 | 52.22 | OK | |
| r-release-macos-arm64 | 1.0.0 | 2.00 | 21.00 | 23.00 | OK | |
| r-release-macos-x86_64 | 1.0.0 | 3.00 | 43.00 | 46.00 | OK | |
| r-release-windows-x86_64 | 1.0.0 | 7.00 | 71.00 | 78.00 | OK | |
| r-oldrel-macos-arm64 | 1.0.0 | 2.00 | 22.00 | 24.00 | NOTE | |
| r-oldrel-macos-x86_64 | 1.0.0 | 3.00 | 40.00 | 43.00 | NOTE | |
| r-oldrel-windows-x86_64 | 1.0.0 | 8.00 | 84.00 | 92.00 | NOTE |
Version: 1.0.0
Check: LazyData
Result: NOTE
'LazyData' is specified without a 'data' directory
Flavors: r-oldrel-macos-arm64, r-oldrel-macos-x86_64, r-oldrel-windows-x86_64