Last updated on 2025-10-21 09:48:37 CEST.
Flavor | Version | Tinstall | Tcheck | Ttotal | Status | Flags |
---|---|---|---|---|---|---|
r-devel-linux-x86_64-debian-clang | 1.1.4 | 55.59 | 304.03 | 359.62 | NOTE | |
r-devel-linux-x86_64-debian-gcc | 1.1.4 | 35.18 | 190.12 | 225.30 | NOTE | |
r-devel-linux-x86_64-fedora-clang | 1.1.4 | 636.01 | NOTE | |||
r-devel-linux-x86_64-fedora-gcc | 1.1.4 | 584.42 | NOTE | |||
r-devel-windows-x86_64 | 1.1.4 | 61.00 | 262.00 | 323.00 | NOTE | |
r-patched-linux-x86_64 | 1.1.4 | 53.00 | 287.55 | 340.55 | NOTE | |
r-release-linux-x86_64 | 1.1.4 | 53.78 | 293.05 | 346.83 | NOTE | |
r-release-macos-arm64 | 1.1.4 | 151.00 | NOTE | |||
r-release-macos-x86_64 | 1.1.4 | 267.00 | NOTE | |||
r-release-windows-x86_64 | 1.1.4 | 62.00 | 263.00 | 325.00 | NOTE | |
r-oldrel-macos-arm64 | 1.1.4 | 131.00 | OK | |||
r-oldrel-macos-x86_64 | 1.1.4 | 206.00 | OK | |||
r-oldrel-windows-x86_64 | 1.1.4 | 78.00 | 366.00 | 444.00 | OK |
Version: 1.1.4
Check: DESCRIPTION meta-information
Result: NOTE
Missing dependency on R >= 4.1.0 because package code uses the pipe
|> or function shorthand \(...) syntax added in R 4.1.0.
File(s) using such syntax:
‘metaRangePriorityQueue.Rd’ ‘metaRangeProcess.Rd’
Flavors: r-devel-linux-x86_64-debian-clang, r-devel-linux-x86_64-debian-gcc, r-devel-linux-x86_64-fedora-clang, r-devel-linux-x86_64-fedora-gcc, r-devel-windows-x86_64, r-patched-linux-x86_64, r-release-linux-x86_64, r-release-macos-arm64, r-release-macos-x86_64, r-release-windows-x86_64
Version: 1.1.4
Check: HTML version of manual
Result: NOTE
Found the following HTML validation problems:
metaRangeEnvironment.html:137:1 (metaRangeEnvironment.Rd:106): Warning: <h5> anchor "Usage" already defined
metaRangeEnvironment.html:143:1 (metaRangeEnvironment.Rd:110): Warning: <h5> anchor "Arguments" already defined
metaRangeEnvironment.html:156:1 (metaRangeEnvironment.Rd:117): Warning: <h5> anchor "Returns" already defined
metaRangeEnvironment.html:163:1 (metaRangeEnvironment.Rd:120): Warning: <h5> anchor "Examples" already defined
metaRangeEnvironment.html:186:1 (metaRangeEnvironment.Rd:138): Warning: <h5> anchor "Usage" already defined
metaRangeEnvironment.html:192:1 (metaRangeEnvironment.Rd:142): Warning: <h5> anchor "Returns" already defined
metaRangeEnvironment.html:199:1 (metaRangeEnvironment.Rd:145): Warning: <h5> anchor "Examples" already defined
metaRangePriorityQueue.html:125:1 (metaRangePriorityQueue.Rd:163): Warning: <h5> anchor "Usage" already defined
metaRangePriorityQueue.html:144:1 (metaRangePriorityQueue.Rd:174): Warning: <h5> anchor "Returns" already defined
metaRangePriorityQueue.html:152:1 (metaRangePriorityQueue.Rd:178): Warning: <h5> anchor "Examples" already defined
metaRangePriorityQueue.html:179:1 (metaRangePriorityQueue.Rd:200): Warning: <h5> anchor "Usage" already defined
metaRangePriorityQueue.html:185:1 (metaRangePriorityQueue.Rd:204): Warning: <h5> anchor "Arguments" already defined
metaRangePriorityQueue.html:199:1 (metaRangePriorityQueue.Rd:212): Warning: <h5> anchor "Returns" already defined
metaRangePriorityQueue.html:206:1 (metaRangePriorityQueue.Rd:215): Warning: <h5> anchor "Examples" already defined
metaRangePriorityQueue.html:230:1 (metaRangePriorityQueue.Rd:234): Warning: <h5> anchor "Usage" already defined
metaRangePriorityQueue.html:236:1 (metaRangePriorityQueue.Rd:238): Warning: <h5> anchor "Arguments" already defined
metaRangePriorityQueue.html:249:1 (metaRangePriorityQueue.Rd:245): Warning: <h5> anchor "Returns" already defined
metaRangePriorityQueue.html:256:1 (metaRangePriorityQueue.Rd:248): Warning: <h5> anchor "Examples" already defined
metaRangePriorityQueue.html:280:1 (metaRangePriorityQueue.Rd:267): Warning: <h5> anchor "Usage" already defined
metaRangePriorityQueue.html:286:1 (metaRangePriorityQueue.Rd:271): Warning: <h5> anchor "Returns" already defined
metaRangePriorityQueue.html:293:1 (metaRangePriorityQueue.Rd:274): Warning: <h5> anchor "Examples" already defined
metaRangePriorityQueue.html:317:1 (metaRangePriorityQueue.Rd:293): Warning: <h5> anchor "Usage" already defined
metaRangePriorityQueue.html:323:1 (metaRangePriorityQueue.Rd:297): Warning: <h5> anchor "Returns" already defined
metaRangePriorityQueue.html:330:1 (metaRangePriorityQueue.Rd:300): Warning: <h5> anchor "Examples" already defined
metaRangePriorityQueue.html:353:1 (metaRangePriorityQueue.Rd:318): Warning: <h5> anchor "Usage" already defined
metaRangePriorityQueue.html:359:1 (metaRangePriorityQueue.Rd:322): Warning: <h5> anchor "Returns" already defined
metaRangePriorityQueue.html:366:1 (metaRangePriorityQueue.Rd:325): Warning: <h5> anchor "Examples" already defined
metaRangePriorityQueue.html:386:1 (metaRangePriorityQueue.Rd:340): Warning: <h5> anchor "Usage" already defined
metaRangePriorityQueue.html:392:1 (metaRangePriorityQueue.Rd:344): Warning: <h5> anchor "Returns" already defined
metaRangePriorityQueue.html:399:1 (metaRangePriorityQueue.Rd:347): Warning: <h5> anchor "Examples" already defined
metaRangePriorityQueue.html:422:1 (metaRangePriorityQueue.Rd:365): Warning: <h5> anchor "Usage" already defined
metaRangePriorityQueue.html:428:1 (metaRangePriorityQueue.Rd:369): Warning: <h5> anchor "Returns" already defined
metaRangePriorityQueue.html:435:1 (metaRangePriorityQueue.Rd:372): Warning: <h5> anchor "Examples" already defined
metaRangePriorityQueue.html:457:1 (metaRangePriorityQueue.Rd:389): Warning: <h5> anchor "Usage" already defined
metaRangePriorityQueue.html:463:1 (metaRangePriorityQueue.Rd:393): Warning: <h5> anchor "Returns" already defined
metaRangePriorityQueue.html:470:1 (metaRangePriorityQueue.Rd:396): Warning: <h5> anchor "Examples" already defined
metaRangePriorityQueue.html:493:1 (metaRangePriorityQueue.Rd:414): Warning: <h5> anchor "Usage" already defined
metaRangePriorityQueue.html:499:1 (metaRangePriorityQueue.Rd:418): Warning: <h5> anchor "Returns" already defined
metaRangePriorityQueue.html:506:1 (metaRangePriorityQueue.Rd:421): Warning: <h5> anchor "Examples" already defined
metaRangeProcess.html:168:1 (metaRangeProcess.Rd:159): Warning: <h5> anchor "Usage" already defined
metaRangeProcess.html:174:1 (metaRangeProcess.Rd:163): Warning: <h5> anchor "Returns" already defined
metaRangeProcess.html:181:1 (metaRangeProcess.Rd:166): Warning: <h5> anchor "Examples" already defined
metaRangeProcess.html:201:1 (metaRangeProcess.Rd:181): Warning: <h5> anchor "Usage" already defined
metaRangeProcess.html:207:1 (metaRangeProcess.Rd:185): Warning: <h5> anchor "Returns" already defined
metaRangeProcess.html:214:1 (metaRangeProcess.Rd:188): Warning: <h5> anchor "Examples" already defined
metaRangeProcess.html:234:1 (metaRangeProcess.Rd:203): Warning: <h5> anchor "Usage" already defined
metaRangeProcess.html:240:1 (metaRangeProcess.Rd:207): Warning: <h5> anchor "Returns" already defined
metaRangeProcess.html:247:1 (metaRangeProcess.Rd:210): Warning: <h5> anchor "Examples" already defined
metaRangeProcess.html:267:1 (metaRangeProcess.Rd:225): Warning: <h5> anchor "Usage" already defined
metaRangeProcess.html:273:1 (metaRangeProcess.Rd:229): Warning: <h5> anchor "Returns" already defined
metaRangeProcess.html:280:1 (metaRangeProcess.Rd:232): Warning: <h5> anchor "Examples" already defined
metaRangeProcess.html:300:1 (metaRangeProcess.Rd:247): Warning: <h5> anchor "Usage" already defined
metaRangeProcess.html:306:1 (metaRangeProcess.Rd:251): Warning: <h5> anchor "Returns" already defined
metaRangeProcess.html:313:1 (metaRangeProcess.Rd:254): Warning: <h5> anchor "Examples" already defined
metaRangeSimulation.html:182:1 (metaRangeSimulation.Rd:236): Warning: <h5> anchor "Usage" already defined
metaRangeSimulation.html:188:1 (metaRangeSimulation.Rd:240): Warning: <h5> anchor "Arguments" already defined
metaRangeSimulation.html:203:1 (metaRangeSimulation.Rd:249): Warning: <h5> anchor "Returns" already defined
metaRangeSimulation.html:210:1 (metaRangeSimulation.Rd:252): Warning: <h5> anchor "Examples" already defined
metaRangeSimulation.html:233:1 (metaRangeSimulation.Rd:270): Warning: <h5> anchor "Usage" already defined
metaRangeSimulation.html:239:1 (metaRangeSimulation.Rd:274): Warning: <h5> anchor "Arguments" already defined
metaRangeSimulation.html:253:1 (metaRangeSimulation.Rd:282): Warning: <h5> anchor "Returns" already defined
metaRangeSimulation.html:260:1 (metaRangeSimulation.Rd:285): Warning: <h5> anchor "Examples" already defined
metaRangeSimulation.html:282:1 (metaRangeSimulation.Rd:302): Warning: <h5> anchor "Usage" already defined
metaRangeSimulation.html:288:1 (metaRangeSimulation.Rd:306): Warning: <h5> anchor "Returns" already defined
metaRangeSimulation.html:295:1 (metaRangeSimulation.Rd:309): Warning: <h5> anchor "Examples" already defined
metaRangeSimulation.html:317:1 (metaRangeSimulation.Rd:326): Warning: <h5> anchor "Usage" already defined
metaRangeSimulation.html:323:1 (metaRangeSimulation.Rd:330): Warning: <h5> anchor "Arguments" already defined
metaRangeSimulation.html:336:1 (metaRangeSimulation.Rd:337): Warning: <h5> anchor "Returns" already defined
metaRangeSimulation.html:343:1 (metaRangeSimulation.Rd:340): Warning: <h5> anchor "Examples" already defined
metaRangeSimulation.html:365:1 (metaRangeSimulation.Rd:357): Warning: <h5> anchor "Usage" already defined
metaRangeSimulation.html:371:1 (metaRangeSimulation.Rd:361): Warning: <h5> anchor "Returns" already defined
metaRangeSimulation.html:378:1 (metaRangeSimulation.Rd:364): Warning: <h5> anchor "Examples" already defined
metaRangeSimulation.html:402:1 (metaRangeSimulation.Rd:383): Warning: <h5> anchor "Usage" already defined
metaRangeSimulation.html:414:1 (metaRangeSimulation.Rd:393): Warning: <h5> anchor "Arguments" already defined
metaRangeSimulation.html:440:1 (metaRangeSimulation.Rd:413): Warning: <h5> anchor "Returns" already defined
metaRangeSimulation.html:447:1 (metaRangeSimulation.Rd:416): Warning: <h5> anchor "Examples" already defined
metaRangeSimulation.html:472:1 (metaRangeSimulation.Rd:436): Warning: <h5> anchor "Usage" already defined
metaRangeSimulation.html:478:1 (metaRangeSimulation.Rd:440): Warning: <h5> anchor "Arguments" already defined
metaRangeSimulation.html:500:1 (metaRangeSimulation.Rd:456): Warning: <h5> anchor "Returns" already defined
metaRangeSimulation.html:507:1 (metaRangeSimulation.Rd:459): Warning: <h5> anchor "Examples" already defined
metaRangeSimulation.html:540:1 (metaRangeSimulation.Rd:487): Warning: <h5> anchor "Usage" already defined
metaRangeSimulation.html:546:1 (metaRangeSimulation.Rd:491): Warning: <h5> anchor "Returns" already defined
metaRangeSimulation.html:553:1 (metaRangeSimulation.Rd:494): Warning: <h5> anchor "Examples" already defined
metaRangeSimulation.html:577:1 (metaRangeSimulation.Rd:513): Warning: <h5> anchor "Usage" already defined
metaRangeSimulation.html:583:1 (metaRangeSimulation.Rd:517): Warning: <h5> anchor "Returns" already defined
metaRangeSimulation.html:590:1 (metaRangeSimulation.Rd:520): Warning: <h5> anchor "Examples" already defined
metaRangeSimulation.html:620:1 (metaRangeSimulation.Rd:545): Warning: <h5> anchor "Usage" already defined
metaRangeSimulation.html:626:1 (metaRangeSimulation.Rd:549): Warning: <h5> anchor "Returns" already defined
metaRangeSimulation.html:633:1 (metaRangeSimulation.Rd:552): Warning: <h5> anchor "Examples" already defined
metaRangeSimulation.html:655:1 (metaRangeSimulation.Rd:569): Warning: <h5> anchor "Usage" already defined
metaRangeSimulation.html:661:1 (metaRangeSimulation.Rd:573): Warning: <h5> anchor "Returns" already defined
metaRangeSimulation.html:668:1 (metaRangeSimulation.Rd:576): Warning: <h5> anchor "Examples" already defined
metaRangeSpecies.html:139:1 (metaRangeSpecies.Rd:95): Warning: <h5> anchor "Usage" already defined
metaRangeSpecies.html:145:1 (metaRangeSpecies.Rd:99): Warning: <h5> anchor "Returns" already defined
Flavor: r-devel-linux-x86_64-debian-gcc