CRAN Package Check Results for Package makepipe

Last updated on 2025-10-21 09:48:37 CEST.

Flavor Version Tinstall Tcheck Ttotal Status Flags
r-devel-linux-x86_64-debian-clang 0.2.2 6.95 49.39 56.34 OK
r-devel-linux-x86_64-debian-gcc 0.2.2 4.76 37.44 42.20 NOTE
r-devel-linux-x86_64-fedora-clang 0.2.2 83.94 NOTE
r-devel-linux-x86_64-fedora-gcc 0.2.2 93.85 NOTE
r-devel-windows-x86_64 0.2.2 10.00 72.00 82.00 OK
r-patched-linux-x86_64 0.2.2 7.14 44.72 51.86 OK
r-release-linux-x86_64 0.2.2 5.72 45.19 50.91 OK
r-release-macos-arm64 0.2.2 45.00 OK
r-release-macos-x86_64 0.2.2 59.00 OK
r-release-windows-x86_64 0.2.2 10.00 73.00 83.00 OK
r-oldrel-macos-arm64 0.2.2 44.00 OK
r-oldrel-macos-x86_64 0.2.2 71.00 OK
r-oldrel-windows-x86_64 0.2.2 12.00 78.00 90.00 OK

Check Details

Version: 0.2.2
Check: HTML version of manual
Result: NOTE Found the following HTML validation problems: Pipeline.html:176:1 (Pipeline.Rd:106): Warning: <h5> anchor "Usage" already defined Pipeline.html:189:1 (Pipeline.Rd:117): Warning: <h5> anchor "Arguments" already defined Pipeline.html:216:1 (Pipeline.Rd:138): Warning: <h5> anchor "Returns" already defined Pipeline.html:233:1 (Pipeline.Rd:147): Warning: <h5> anchor "Usage" already defined Pipeline.html:239:1 (Pipeline.Rd:151): Warning: <h5> anchor "Arguments" already defined Pipeline.html:252:1 (Pipeline.Rd:158): Warning: <h5> anchor "Returns" already defined Pipeline.html:269:1 (Pipeline.Rd:167): Warning: <h5> anchor "Usage" already defined Pipeline.html:275:1 (Pipeline.Rd:171): Warning: <h5> anchor "Returns" already defined Pipeline.html:295:1 (Pipeline.Rd:183): Warning: <h5> anchor "Usage" already defined Pipeline.html:301:1 (Pipeline.Rd:187): Warning: <h5> anchor "Returns" already defined Pipeline.html:318:1 (Pipeline.Rd:196): Warning: <h5> anchor "Usage" already defined Pipeline.html:324:1 (Pipeline.Rd:200): Warning: <h5> anchor "Arguments" already defined Pipeline.html:351:1 (Pipeline.Rd:217): Warning: <h5> anchor "Usage" already defined Pipeline.html:367:1 (Pipeline.Rd:227): Warning: <h5> anchor "Usage" already defined Pipeline.html:388:1 (Pipeline.Rd:246): Warning: <h5> anchor "Arguments" already defined Pipeline.html:429:1 (Pipeline.Rd:281): Warning: <h5> anchor "Returns" already defined Pipeline.html:446:1 (Pipeline.Rd:290): Warning: <h5> anchor "Usage" already defined Pipeline.html:452:1 (Pipeline.Rd:294): Warning: <h5> anchor "Arguments" already defined Pipeline.html:466:1 (Pipeline.Rd:302): Warning: <h5> anchor "Returns" already defined Pipeline.html:483:1 (Pipeline.Rd:311): Warning: <h5> anchor "Usage" already defined Pipeline.html:489:1 (Pipeline.Rd:315): Warning: <h5> anchor "Returns" already defined Pipeline.html:506:1 (Pipeline.Rd:324): Warning: <h5> anchor "Usage" already defined Pipeline.html:512:1 (Pipeline.Rd:328): Warning: <h5> anchor "Arguments" already defined Pipeline.html:526:1 (Pipeline.Rd:336): Warning: <h5> anchor "Returns" already defined Pipeline.html:543:1 (Pipeline.Rd:345): Warning: <h5> anchor "Usage" already defined Pipeline.html:549:1 (Pipeline.Rd:349): Warning: <h5> anchor "Arguments" already defined Pipeline.html:572:1 (Pipeline.Rd:366): Warning: <h5> anchor "Returns" already defined Pipeline.html:589:1 (Pipeline.Rd:375): Warning: <h5> anchor "Usage" already defined Pipeline.html:595:1 (Pipeline.Rd:379): Warning: <h5> anchor "Arguments" already defined Pipeline.html:614:1 (Pipeline.Rd:392): Warning: <h5> anchor "Returns" already defined Pipeline.html:631:1 (Pipeline.Rd:401): Warning: <h5> anchor "Usage" already defined Pipeline.html:637:1 (Pipeline.Rd:405): Warning: <h5> anchor "Arguments" already defined Pipeline.html:650:1 (Pipeline.Rd:412): Warning: <h5> anchor "Returns" already defined Pipeline.html:667:1 (Pipeline.Rd:421): Warning: <h5> anchor "Usage" already defined Pipeline.html:673:1 (Pipeline.Rd:425): Warning: <h5> anchor "Arguments" already defined Segment.html:174:1 (Segment.Rd:120): Warning: <h5> anchor "Usage" already defined Segment.html:190:1 (Segment.Rd:130): Warning: <h5> anchor "Usage" already defined Segment.html:196:1 (Segment.Rd:134): Warning: <h5> anchor "Arguments" already defined Segment.html:223:1 (Segment.Rd:151): Warning: <h5> anchor "Usage" already defined Segment.html:229:1 (Segment.Rd:155): Warning: <h5> anchor "Arguments" already defined Segment.html:254:1 (Segment.Rd:170): Warning: <h5> anchor "Usage" already defined Segment.html:260:1 (Segment.Rd:174): Warning: <h5> anchor "Arguments" already defined SegmentRecipe.html:150:1 (SegmentRecipe.Rd:100): Warning: <h5> anchor "Usage" already defined SegmentRecipe.html:156:1 (SegmentRecipe.Rd:104): Warning: <h5> anchor "Arguments" already defined SegmentRecipe.html:183:1 (SegmentRecipe.Rd:121): Warning: <h5> anchor "Usage" already defined SegmentRecipe.html:189:1 (SegmentRecipe.Rd:125): Warning: <h5> anchor "Arguments" already defined SegmentRecipe.html:216:1 (SegmentRecipe.Rd:142): Warning: <h5> anchor "Usage" already defined SegmentRecipe.html:222:1 (SegmentRecipe.Rd:146): Warning: <h5> anchor "Arguments" already defined SegmentSource.html:150:1 (SegmentSource.Rd:100): Warning: <h5> anchor "Usage" already defined SegmentSource.html:156:1 (SegmentSource.Rd:104): Warning: <h5> anchor "Arguments" already defined SegmentSource.html:183:1 (SegmentSource.Rd:121): Warning: <h5> anchor "Usage" already defined SegmentSource.html:189:1 (SegmentSource.Rd:125): Warning: <h5> anchor "Arguments" already defined SegmentSource.html:216:1 (SegmentSource.Rd:142): Warning: <h5> anchor "Usage" already defined SegmentSource.html:222:1 (SegmentSource.Rd:146): Warning: <h5> anchor "Arguments" already defined make_params.html:84:1 (make_params.Rd:33): Warning: missing </ul> before </div> Flavor: r-devel-linux-x86_64-debian-gcc

Version: 0.2.2
Check: dependencies in R code
Result: NOTE Namespaces in Imports field not imported from: ‘cli’ ‘nomnoml’ All declared Imports should be used. Flavors: r-devel-linux-x86_64-fedora-clang, r-devel-linux-x86_64-fedora-gcc