CRAN Package Check Results for Package lessSEM

Last updated on 2025-10-21 09:48:36 CEST.

Flavor Version Tinstall Tcheck Ttotal Status Flags
r-devel-linux-x86_64-debian-clang 1.5.6 444.52 273.36 717.88 WARN
r-devel-linux-x86_64-debian-gcc 1.5.7 310.64 178.55 489.19 NOTE
r-devel-linux-x86_64-fedora-clang 1.5.7 1319.85 OK
r-devel-linux-x86_64-fedora-gcc 1.5.7 1322.51 OK
r-devel-windows-x86_64 1.5.6 486.00 357.00 843.00 WARN
r-patched-linux-x86_64 1.5.6 459.68 270.76 730.44 WARN
r-release-linux-x86_64 1.5.6 442.73 272.12 714.85 WARN
r-release-macos-arm64 1.5.7 295.00 OK
r-release-macos-x86_64 1.5.7 435.00 OK
r-release-windows-x86_64 1.5.6 506.00 340.00 846.00 WARN
r-oldrel-macos-arm64 1.5.7 297.00 NOTE
r-oldrel-macos-x86_64 1.5.7 454.00 NOTE
r-oldrel-windows-x86_64 1.5.6 583.00 447.00 1030.00 WARN

Check Details

Version: 1.5.6
Check: whether package can be installed
Result: WARN Found the following significant warnings: ./../inst/include/lesstimate/include/lesstimate/ista_class.h:306:20: warning: 'is_finite<double>' is deprecated: change arma::is_finite(val) to std::isfinite(val) [-Wdeprecated-declarations] ./../inst/include/lesstimate/include/lesstimate/ista_class.h:318:20: warning: 'is_finite<double>' is deprecated: change arma::is_finite(val) to std::isfinite(val) [-Wdeprecated-declarations] ./../inst/include/lesstimate/include/lesstimate/ista_class.h:369:22: warning: 'is_finite<arma::Mat<double>>' is deprecated: change arma::is_finite(X) to X.is_finite() [-Wdeprecated-declarations] ./../inst/include/lesstimate/include/lesstimate/bfgs.h:71:16: warning: 'is_finite<arma::Mat<double>>' is deprecated: change arma::is_finite(X) to X.is_finite() [-Wdeprecated-declarations] ./../inst/include/lesstimate/include/lesstimate/glmnet_class.h:306:18: warning: 'is_finite<double>' is deprecated: change arma::is_finite(val) to std::isfinite(val) [-Wdeprecated-declarations] ./../inst/include/lesstimate/include/lesstimate/glmnet_class.h:346:20: warning: 'is_finite<arma::Mat<double>>' is deprecated: change arma::is_finite(X) to X.is_finite() [-Wdeprecated-declarations] ./../inst/include/lesstimate/include/lesstimate/glmnet_mcp.h:282:20: warning: 'is_finite<double>' is deprecated: change arma::is_finite(val) to std::isfinite(val) [-Wdeprecated-declarations] ./../inst/include/lesstimate/include/lesstimate/glmnet_lsp.h:216:20: warning: 'is_finite<double>' is deprecated: change arma::is_finite(val) to std::isfinite(val) [-Wdeprecated-declarations] ./../inst/include/lesstimate/include/lesstimate/bfgsOptim.h:188:18: warning: 'is_finite<double>' is deprecated: change arma::is_finite(val) to std::isfinite(val) [-Wdeprecated-declarations] ./../inst/include/lesstimate/include/lesstimate/bfgsOptim.h:226:20: warning: 'is_finite<arma::Mat<double>>' is deprecated: change arma::is_finite(X) to X.is_finite() [-Wdeprecated-declarations] ../inst/include/lesstimate/include/lesstimate/ista_class.h:306:20: warning: 'is_finite<double>' is deprecated: change arma::is_finite(val) to std::isfinite(val) [-Wdeprecated-declarations] ../inst/include/lesstimate/include/lesstimate/ista_class.h:318:20: warning: 'is_finite<double>' is deprecated: change arma::is_finite(val) to std::isfinite(val) [-Wdeprecated-declarations] ../inst/include/lesstimate/include/lesstimate/ista_class.h:369:22: warning: 'is_finite<arma::Mat<double>>' is deprecated: change arma::is_finite(X) to X.is_finite() [-Wdeprecated-declarations] ../inst/include/lesstimate/include/lesstimate/bfgs.h:71:16: warning: 'is_finite<arma::Mat<double>>' is deprecated: change arma::is_finite(X) to X.is_finite() [-Wdeprecated-declarations] ../inst/include/lesstimate/include/lesstimate/glmnet_class.h:306:18: warning: 'is_finite<double>' is deprecated: change arma::is_finite(val) to std::isfinite(val) [-Wdeprecated-declarations] ../inst/include/lesstimate/include/lesstimate/glmnet_class.h:346:20: warning: 'is_finite<arma::Mat<double>>' is deprecated: change arma::is_finite(X) to X.is_finite() [-Wdeprecated-declarations] ../inst/include/lesstimate/include/lesstimate/glmnet_mcp.h:282:20: warning: 'is_finite<double>' is deprecated: change arma::is_finite(val) to std::isfinite(val) [-Wdeprecated-declarations] ../inst/include/lesstimate/include/lesstimate/glmnet_lsp.h:216:20: warning: 'is_finite<double>' is deprecated: change arma::is_finite(val) to std::isfinite(val) [-Wdeprecated-declarations] ../inst/include/lesstimate/include/lesstimate/bfgsOptim.h:188:18: warning: 'is_finite<double>' is deprecated: change arma::is_finite(val) to std::isfinite(val) [-Wdeprecated-declarations] ../inst/include/lesstimate/include/lesstimate/bfgsOptim.h:226:20: warning: 'is_finite<arma::Mat<double>>' is deprecated: change arma::is_finite(X) to X.is_finite() [-Wdeprecated-declarations] See ‘/home/hornik/tmp/R.check/r-devel-clang/Work/PKGS/lessSEM.Rcheck/00install.out’ for details. * used C++ compiler: ‘Debian clang version 19.1.7 (7)’ Flavor: r-devel-linux-x86_64-debian-clang

Version: 1.5.7
Check: HTML version of manual
Result: NOTE Found the following HTML validation problems: dot-checkPenalties.html:48:1 (dot-checkPenalties.Rd:12): Warning: missing </ul> before </div> dot-setAMatrix.html:73:1 (dot-setAMatrix.Rd:27): Warning: missing </ul> before </div> dot-setMVector.html:78:1 (dot-setMVector.Rd:30): Warning: missing </ul> before </div> dot-setSMatrix.html:73:1 (dot-setSMatrix.Rd:27): Warning: missing </ul> before </div> lessSEM.html:616:70 (lessSEM.Rd:434): Warning: missing </p> before <a> lessSEM.html:616:11 (lessSEM.Rd:434): Warning: missing </a> before <a> lessSEM.html:616:245 (lessSEM.Rd:434): Warning: inserting implicit <p> lessSEM.html:616:249 (lessSEM.Rd:434): Warning: discarding unexpected </a> lessSEM.html:616:70 (lessSEM.Rd:434): Warning: trimming empty <p> lessSEM.html:616:245 (lessSEM.Rd:434): Warning: trimming empty <p> Flavor: r-devel-linux-x86_64-debian-gcc

Version: 1.5.6
Check: whether package can be installed
Result: WARN Found the following significant warnings: ../inst/include/lesstimate/include/lesstimate/ista_class.h:306:29: warning: 'bool arma::is_finite(eT, const typename arma_scalar_only<eT>::result*) [with eT = double; typename arma_scalar_only<eT>::result = double]' is deprecated: change arma::is_finite(val) to std::isfinite(val) [-Wdeprecated-declarations] ../inst/include/lesstimate/include/lesstimate/ista_class.h:318:29: warning: 'bool arma::is_finite(eT, const typename arma_scalar_only<eT>::result*) [with eT = double; typename arma_scalar_only<eT>::result = double]' is deprecated: change arma::is_finite(val) to std::isfinite(val) [-Wdeprecated-declarations] ../inst/include/lesstimate/include/lesstimate/ista_class.h:369:31: warning: 'bool arma::is_finite(const Base<typename T1::elem_type, T1>&) [with T1 = Mat<double>; typename T1::elem_type = double]' is deprecated: change arma::is_finite(X) to X.is_finite() [-Wdeprecated-declarations] ../inst/include/lesstimate/include/lesstimate/bfgs.h:71:25: warning: 'bool arma::is_finite(const Base<typename T1::elem_type, T1>&) [with T1 = Mat<double>; typename T1::elem_type = double]' is deprecated: change arma::is_finite(X) to X.is_finite() [-Wdeprecated-declarations] ../inst/include/lesstimate/include/lesstimate/glmnet_class.h:306:27: warning: 'bool arma::is_finite(eT, const typename arma_scalar_only<eT>::result*) [with eT = double; typename arma_scalar_only<eT>::result = double]' is deprecated: change arma::is_finite(val) to std::isfinite(val) [-Wdeprecated-declarations] ../inst/include/lesstimate/include/lesstimate/glmnet_class.h:346:29: warning: 'bool arma::is_finite(const Base<typename T1::elem_type, T1>&) [with T1 = Mat<double>; typename T1::elem_type = double]' is deprecated: change arma::is_finite(X) to X.is_finite() [-Wdeprecated-declarations] ../inst/include/lesstimate/include/lesstimate/glmnet_mcp.h:282:29: warning: 'bool arma::is_finite(eT, const typename arma_scalar_only<eT>::result*) [with eT = double; typename arma_scalar_only<eT>::result = double]' is deprecated: change arma::is_finite(val) to std::isfinite(val) [-Wdeprecated-declarations] ../inst/include/lesstimate/include/lesstimate/glmnet_lsp.h:216:29: warning: 'bool arma::is_finite(eT, const typename arma_scalar_only<eT>::result*) [with eT = double; typename arma_scalar_only<eT>::result = double]' is deprecated: change arma::is_finite(val) to std::isfinite(val) [-Wdeprecated-declarations] ../inst/include/lesstimate/include/lesstimate/bfgsOptim.h:188:27: warning: 'bool arma::is_finite(eT, const typename arma_scalar_only<eT>::result*) [with eT = double; typename arma_scalar_only<eT>::result = double]' is deprecated: change arma::is_finite(val) to std::isfinite(val) [-Wdeprecated-declarations] ../inst/include/lesstimate/include/lesstimate/bfgsOptim.h:226:29: warning: 'bool arma::is_finite(const Base<typename T1::elem_type, T1>&) [with T1 = Mat<double>; typename T1::elem_type = double]' is deprecated: change arma::is_finite(X) to X.is_finite() [-Wdeprecated-declarations] See 'd:/Rcompile/CRANpkg/local/4.6/lessSEM.Rcheck/00install.out' for details. * used C++ compiler: 'g++.exe (GCC) 14.2.0' Flavor: r-devel-windows-x86_64

Version: 1.5.6
Check: whether package can be installed
Result: WARN Found the following significant warnings: ../inst/include/lesstimate/include/lesstimate/ista_class.h:306:29: warning: ‘bool arma::is_finite(eT, const typename arma_scalar_only<eT>::result*) [with eT = double; typename arma_scalar_only<eT>::result = double]’ is deprecated: change arma::is_finite(val) to std::isfinite(val) [-Wdeprecated-declarations] ../inst/include/lesstimate/include/lesstimate/ista_class.h:318:29: warning: ‘bool arma::is_finite(eT, const typename arma_scalar_only<eT>::result*) [with eT = double; typename arma_scalar_only<eT>::result = double]’ is deprecated: change arma::is_finite(val) to std::isfinite(val) [-Wdeprecated-declarations] ../inst/include/lesstimate/include/lesstimate/ista_class.h:369:31: warning: ‘bool arma::is_finite(const Base<typename T1::elem_type, T1>&) [with T1 = Mat<double>; typename T1::elem_type = double]’ is deprecated: change arma::is_finite(X) to X.is_finite() [-Wdeprecated-declarations] ../inst/include/lesstimate/include/lesstimate/bfgs.h:71:25: warning: ‘bool arma::is_finite(const Base<typename T1::elem_type, T1>&) [with T1 = Mat<double>; typename T1::elem_type = double]’ is deprecated: change arma::is_finite(X) to X.is_finite() [-Wdeprecated-declarations] ../inst/include/lesstimate/include/lesstimate/glmnet_class.h:306:27: warning: ‘bool arma::is_finite(eT, const typename arma_scalar_only<eT>::result*) [with eT = double; typename arma_scalar_only<eT>::result = double]’ is deprecated: change arma::is_finite(val) to std::isfinite(val) [-Wdeprecated-declarations] ../inst/include/lesstimate/include/lesstimate/glmnet_class.h:346:29: warning: ‘bool arma::is_finite(const Base<typename T1::elem_type, T1>&) [with T1 = Mat<double>; typename T1::elem_type = double]’ is deprecated: change arma::is_finite(X) to X.is_finite() [-Wdeprecated-declarations] ../inst/include/lesstimate/include/lesstimate/glmnet_mcp.h:282:29: warning: ‘bool arma::is_finite(eT, const typename arma_scalar_only<eT>::result*) [with eT = double; typename arma_scalar_only<eT>::result = double]’ is deprecated: change arma::is_finite(val) to std::isfinite(val) [-Wdeprecated-declarations] ../inst/include/lesstimate/include/lesstimate/glmnet_lsp.h:216:29: warning: ‘bool arma::is_finite(eT, const typename arma_scalar_only<eT>::result*) [with eT = double; typename arma_scalar_only<eT>::result = double]’ is deprecated: change arma::is_finite(val) to std::isfinite(val) [-Wdeprecated-declarations] ../inst/include/lesstimate/include/lesstimate/bfgsOptim.h:188:27: warning: ‘bool arma::is_finite(eT, const typename arma_scalar_only<eT>::result*) [with eT = double; typename arma_scalar_only<eT>::result = double]’ is deprecated: change arma::is_finite(val) to std::isfinite(val) [-Wdeprecated-declarations] ../inst/include/lesstimate/include/lesstimate/bfgsOptim.h:226:29: warning: ‘bool arma::is_finite(const Base<typename T1::elem_type, T1>&) [with T1 = Mat<double>; typename T1::elem_type = double]’ is deprecated: change arma::is_finite(X) to X.is_finite() [-Wdeprecated-declarations] See ‘/home/hornik/tmp/R.check/r-patched-gcc/Work/PKGS/lessSEM.Rcheck/00install.out’ for details. * used C++ compiler: ‘g++-14 (Debian 14.3.0-8) 14.3.0’ Flavor: r-patched-linux-x86_64

Version: 1.5.6
Check: whether package can be installed
Result: WARN Found the following significant warnings: ../inst/include/lesstimate/include/lesstimate/ista_class.h:306:29: warning: ‘bool arma::is_finite(eT, const typename arma_scalar_only<eT>::result*) [with eT = double; typename arma_scalar_only<eT>::result = double]’ is deprecated: change arma::is_finite(val) to std::isfinite(val) [-Wdeprecated-declarations] ../inst/include/lesstimate/include/lesstimate/ista_class.h:318:29: warning: ‘bool arma::is_finite(eT, const typename arma_scalar_only<eT>::result*) [with eT = double; typename arma_scalar_only<eT>::result = double]’ is deprecated: change arma::is_finite(val) to std::isfinite(val) [-Wdeprecated-declarations] ../inst/include/lesstimate/include/lesstimate/ista_class.h:369:31: warning: ‘bool arma::is_finite(const Base<typename T1::elem_type, T1>&) [with T1 = Mat<double>; typename T1::elem_type = double]’ is deprecated: change arma::is_finite(X) to X.is_finite() [-Wdeprecated-declarations] ../inst/include/lesstimate/include/lesstimate/bfgs.h:71:25: warning: ‘bool arma::is_finite(const Base<typename T1::elem_type, T1>&) [with T1 = Mat<double>; typename T1::elem_type = double]’ is deprecated: change arma::is_finite(X) to X.is_finite() [-Wdeprecated-declarations] ../inst/include/lesstimate/include/lesstimate/glmnet_class.h:306:27: warning: ‘bool arma::is_finite(eT, const typename arma_scalar_only<eT>::result*) [with eT = double; typename arma_scalar_only<eT>::result = double]’ is deprecated: change arma::is_finite(val) to std::isfinite(val) [-Wdeprecated-declarations] ../inst/include/lesstimate/include/lesstimate/glmnet_class.h:346:29: warning: ‘bool arma::is_finite(const Base<typename T1::elem_type, T1>&) [with T1 = Mat<double>; typename T1::elem_type = double]’ is deprecated: change arma::is_finite(X) to X.is_finite() [-Wdeprecated-declarations] ../inst/include/lesstimate/include/lesstimate/glmnet_mcp.h:282:29: warning: ‘bool arma::is_finite(eT, const typename arma_scalar_only<eT>::result*) [with eT = double; typename arma_scalar_only<eT>::result = double]’ is deprecated: change arma::is_finite(val) to std::isfinite(val) [-Wdeprecated-declarations] ../inst/include/lesstimate/include/lesstimate/glmnet_lsp.h:216:29: warning: ‘bool arma::is_finite(eT, const typename arma_scalar_only<eT>::result*) [with eT = double; typename arma_scalar_only<eT>::result = double]’ is deprecated: change arma::is_finite(val) to std::isfinite(val) [-Wdeprecated-declarations] ../inst/include/lesstimate/include/lesstimate/bfgsOptim.h:188:27: warning: ‘bool arma::is_finite(eT, const typename arma_scalar_only<eT>::result*) [with eT = double; typename arma_scalar_only<eT>::result = double]’ is deprecated: change arma::is_finite(val) to std::isfinite(val) [-Wdeprecated-declarations] ../inst/include/lesstimate/include/lesstimate/bfgsOptim.h:226:29: warning: ‘bool arma::is_finite(const Base<typename T1::elem_type, T1>&) [with T1 = Mat<double>; typename T1::elem_type = double]’ is deprecated: change arma::is_finite(X) to X.is_finite() [-Wdeprecated-declarations] See ‘/home/hornik/tmp/R.check/r-release-gcc/Work/PKGS/lessSEM.Rcheck/00install.out’ for details. * used C++ compiler: ‘g++-14 (Debian 14.3.0-8) 14.3.0’ Flavor: r-release-linux-x86_64

Version: 1.5.6
Check: whether package can be installed
Result: WARN Found the following significant warnings: ../inst/include/lesstimate/include/lesstimate/ista_class.h:306:29: warning: 'bool arma::is_finite(eT, const typename arma_scalar_only<eT>::result*) [with eT = double; typename arma_scalar_only<eT>::result = double]' is deprecated: change arma::is_finite(val) to std::isfinite(val) [-Wdeprecated-declarations] ../inst/include/lesstimate/include/lesstimate/ista_class.h:318:29: warning: 'bool arma::is_finite(eT, const typename arma_scalar_only<eT>::result*) [with eT = double; typename arma_scalar_only<eT>::result = double]' is deprecated: change arma::is_finite(val) to std::isfinite(val) [-Wdeprecated-declarations] ../inst/include/lesstimate/include/lesstimate/ista_class.h:369:31: warning: 'bool arma::is_finite(const Base<typename T1::elem_type, T1>&) [with T1 = Mat<double>; typename T1::elem_type = double]' is deprecated: change arma::is_finite(X) to X.is_finite() [-Wdeprecated-declarations] ../inst/include/lesstimate/include/lesstimate/bfgs.h:71:25: warning: 'bool arma::is_finite(const Base<typename T1::elem_type, T1>&) [with T1 = Mat<double>; typename T1::elem_type = double]' is deprecated: change arma::is_finite(X) to X.is_finite() [-Wdeprecated-declarations] ../inst/include/lesstimate/include/lesstimate/glmnet_class.h:306:27: warning: 'bool arma::is_finite(eT, const typename arma_scalar_only<eT>::result*) [with eT = double; typename arma_scalar_only<eT>::result = double]' is deprecated: change arma::is_finite(val) to std::isfinite(val) [-Wdeprecated-declarations] ../inst/include/lesstimate/include/lesstimate/glmnet_class.h:346:29: warning: 'bool arma::is_finite(const Base<typename T1::elem_type, T1>&) [with T1 = Mat<double>; typename T1::elem_type = double]' is deprecated: change arma::is_finite(X) to X.is_finite() [-Wdeprecated-declarations] ../inst/include/lesstimate/include/lesstimate/glmnet_mcp.h:282:29: warning: 'bool arma::is_finite(eT, const typename arma_scalar_only<eT>::result*) [with eT = double; typename arma_scalar_only<eT>::result = double]' is deprecated: change arma::is_finite(val) to std::isfinite(val) [-Wdeprecated-declarations] ../inst/include/lesstimate/include/lesstimate/glmnet_lsp.h:216:29: warning: 'bool arma::is_finite(eT, const typename arma_scalar_only<eT>::result*) [with eT = double; typename arma_scalar_only<eT>::result = double]' is deprecated: change arma::is_finite(val) to std::isfinite(val) [-Wdeprecated-declarations] ../inst/include/lesstimate/include/lesstimate/bfgsOptim.h:188:27: warning: 'bool arma::is_finite(eT, const typename arma_scalar_only<eT>::result*) [with eT = double; typename arma_scalar_only<eT>::result = double]' is deprecated: change arma::is_finite(val) to std::isfinite(val) [-Wdeprecated-declarations] ../inst/include/lesstimate/include/lesstimate/bfgsOptim.h:226:29: warning: 'bool arma::is_finite(const Base<typename T1::elem_type, T1>&) [with T1 = Mat<double>; typename T1::elem_type = double]' is deprecated: change arma::is_finite(X) to X.is_finite() [-Wdeprecated-declarations] See 'd:/Rcompile/CRANpkg/local/4.5/lessSEM.Rcheck/00install.out' for details. * used C++ compiler: 'g++.exe (GCC) 14.2.0' Flavor: r-release-windows-x86_64

Version: 1.5.7
Check: installed package size
Result: NOTE installed size is 48.6Mb sub-directories of 1Mb or more: help 1.1Mb libs 45.6Mb Flavors: r-oldrel-macos-arm64, r-oldrel-macos-x86_64

Version: 1.5.7
Check: for GNU extensions in Makefiles
Result: NOTE GNU make is a SystemRequirements. Flavors: r-oldrel-macos-arm64, r-oldrel-macos-x86_64

Version: 1.5.6
Check: whether package can be installed
Result: WARN Found the following significant warnings: ../inst/include/lesstimate/include/lesstimate/ista_class.h:306:29: warning: 'bool arma::is_finite(eT, const typename arma_scalar_only<eT>::result*) [with eT = double; typename arma_scalar_only<eT>::result = double]' is deprecated: change arma::is_finite(val) to std::isfinite(val) [-Wdeprecated-declarations] ../inst/include/lesstimate/include/lesstimate/ista_class.h:318:29: warning: 'bool arma::is_finite(eT, const typename arma_scalar_only<eT>::result*) [with eT = double; typename arma_scalar_only<eT>::result = double]' is deprecated: change arma::is_finite(val) to std::isfinite(val) [-Wdeprecated-declarations] ../inst/include/lesstimate/include/lesstimate/ista_class.h:369:31: warning: 'bool arma::is_finite(const Base<typename T1::elem_type, T1>&) [with T1 = Mat<double>; typename T1::elem_type = double]' is deprecated: change arma::is_finite(X) to X.is_finite() [-Wdeprecated-declarations] ../inst/include/lesstimate/include/lesstimate/bfgs.h:71:25: warning: 'bool arma::is_finite(const Base<typename T1::elem_type, T1>&) [with T1 = Mat<double>; typename T1::elem_type = double]' is deprecated: change arma::is_finite(X) to X.is_finite() [-Wdeprecated-declarations] ../inst/include/lesstimate/include/lesstimate/glmnet_class.h:306:27: warning: 'bool arma::is_finite(eT, const typename arma_scalar_only<eT>::result*) [with eT = double; typename arma_scalar_only<eT>::result = double]' is deprecated: change arma::is_finite(val) to std::isfinite(val) [-Wdeprecated-declarations] ../inst/include/lesstimate/include/lesstimate/glmnet_class.h:346:29: warning: 'bool arma::is_finite(const Base<typename T1::elem_type, T1>&) [with T1 = Mat<double>; typename T1::elem_type = double]' is deprecated: change arma::is_finite(X) to X.is_finite() [-Wdeprecated-declarations] ../inst/include/lesstimate/include/lesstimate/glmnet_mcp.h:282:29: warning: 'bool arma::is_finite(eT, const typename arma_scalar_only<eT>::result*) [with eT = double; typename arma_scalar_only<eT>::result = double]' is deprecated: change arma::is_finite(val) to std::isfinite(val) [-Wdeprecated-declarations] ../inst/include/lesstimate/include/lesstimate/glmnet_lsp.h:216:29: warning: 'bool arma::is_finite(eT, const typename arma_scalar_only<eT>::result*) [with eT = double; typename arma_scalar_only<eT>::result = double]' is deprecated: change arma::is_finite(val) to std::isfinite(val) [-Wdeprecated-declarations] ../inst/include/lesstimate/include/lesstimate/bfgsOptim.h:188:27: warning: 'bool arma::is_finite(eT, const typename arma_scalar_only<eT>::result*) [with eT = double; typename arma_scalar_only<eT>::result = double]' is deprecated: change arma::is_finite(val) to std::isfinite(val) [-Wdeprecated-declarations] ../inst/include/lesstimate/include/lesstimate/bfgsOptim.h:226:29: warning: 'bool arma::is_finite(const Base<typename T1::elem_type, T1>&) [with T1 = Mat<double>; typename T1::elem_type = double]' is deprecated: change arma::is_finite(X) to X.is_finite() [-Wdeprecated-declarations] See 'd:/Rcompile/CRANpkg/local/4.4/lessSEM.Rcheck/00install.out' for details. * used C++ compiler: 'g++.exe (GCC) 13.3.0' Flavor: r-oldrel-windows-x86_64

Version: 1.5.6
Check: installed package size
Result: NOTE installed size is 6.9Mb sub-directories of 1Mb or more: help 1.2Mb libs 4.0Mb Flavor: r-oldrel-windows-x86_64

Version: 1.5.6
Check: for GNU extensions in Makefiles
Result: NOTE GNU make is a SystemRequirements. Flavor: r-oldrel-windows-x86_64