Last updated on 2025-10-22 09:50:37 CEST.
Flavor | Version | Tinstall | Tcheck | Ttotal | Status | Flags |
---|---|---|---|---|---|---|
r-devel-linux-x86_64-debian-clang | 1.1 | 12.19 | 44.54 | 56.73 | NOTE | |
r-devel-linux-x86_64-debian-gcc | 1.1 | 11.17 | 31.62 | 42.79 | NOTE | |
r-devel-linux-x86_64-fedora-clang | 1.1 | 84.00 | 18.31 | 102.31 | OK | |
r-devel-linux-x86_64-fedora-gcc | 1.1 | 36.00 | 54.23 | 90.23 | OK | |
r-devel-windows-x86_64 | 1.1 | 17.00 | 73.00 | 90.00 | OK | |
r-patched-linux-x86_64 | 1.1 | 14.82 | 42.09 | 56.91 | OK | |
r-release-linux-x86_64 | 1.1 | 14.68 | 41.81 | 56.49 | OK | |
r-release-macos-arm64 | 1.1 | 7.00 | 23.00 | 30.00 | OK | |
r-release-macos-x86_64 | 1.1 | 11.00 | 40.00 | 51.00 | OK | |
r-release-windows-x86_64 | 1.1 | 17.00 | 79.00 | 96.00 | OK | |
r-oldrel-macos-arm64 | 1.1 | 7.00 | 22.00 | 29.00 | OK | |
r-oldrel-macos-x86_64 | 1.1 | 9.00 | 33.00 | 42.00 | OK | |
r-oldrel-windows-x86_64 | 1.1 | 15.00 | 94.00 | 109.00 | OK |
Version: 1.1
Check: CRAN incoming feasibility
Result: NOTE
Maintainer: ‘Hoseung Song <hosong@ucdavis.edu>’
The Description field contains
(2022) <arXiv:2206.01853>.
Please refer to arXiv e-prints via their arXiv DOI <doi:10.48550/arXiv.YYMM.NNNNN>.
Flavors: r-devel-linux-x86_64-debian-clang, r-devel-linux-x86_64-debian-gcc