CRAN Package Check Results for Package impimp

Last updated on 2025-11-13 09:50:50 CET.

Flavor Version Tinstall Tcheck Ttotal Status Flags
r-devel-linux-x86_64-debian-clang 0.3.1 2.19 21.24 23.43 OK
r-devel-linux-x86_64-debian-gcc 0.3.1 1.53 17.06 18.59 OK
r-devel-linux-x86_64-fedora-clang 0.3.1 10.00 26.69 36.69 OK
r-devel-linux-x86_64-fedora-gcc 0.3.1 32.95 OK
r-devel-windows-x86_64 0.3.1 3.00 40.00 43.00 OK
r-patched-linux-x86_64 0.3.1 2.11 19.86 21.97 OK
r-release-linux-x86_64 0.3.1 1.92 20.06 21.98 OK
r-release-macos-arm64 0.3.1 1.00 15.00 16.00 OK
r-release-macos-x86_64 0.3.1 2.00 23.00 25.00 OK
r-release-windows-x86_64 0.3.1 3.00 40.00 43.00 OK
r-oldrel-macos-arm64 0.3.1 1.00 13.00 14.00 NOTE
r-oldrel-macos-x86_64 0.3.1 2.00 21.00 23.00 NOTE
r-oldrel-windows-x86_64 0.3.1 3.00 41.00 44.00 NOTE

Check Details

Version: 0.3.1
Check: LazyData
Result: NOTE 'LazyData' is specified without a 'data' directory Flavors: r-oldrel-macos-arm64, r-oldrel-macos-x86_64, r-oldrel-windows-x86_64