Last updated on 2025-10-21 09:48:35 CEST.
Flavor | Version | Tinstall | Tcheck | Ttotal | Status | Flags |
---|---|---|---|---|---|---|
r-devel-linux-x86_64-debian-clang | 5.7.0 | 14.47 | 215.56 | 230.03 | OK | |
r-devel-linux-x86_64-debian-gcc | 5.7.0 | 9.31 | 147.90 | 157.21 | NOTE | |
r-devel-linux-x86_64-fedora-clang | 5.7.0 | 356.25 | NOTE | |||
r-devel-linux-x86_64-fedora-gcc | 5.7.0 | 320.28 | NOTE | |||
r-devel-windows-x86_64 | 5.7.0 | 18.00 | 237.00 | 255.00 | OK | |
r-patched-linux-x86_64 | 5.7.0 | 17.93 | 201.51 | 219.44 | OK | |
r-release-linux-x86_64 | 5.7.0 | 13.84 | 200.75 | 214.59 | OK | |
r-release-macos-arm64 | 5.7.0 | 80.00 | OK | |||
r-release-macos-x86_64 | 5.7.0 | 175.00 | OK | |||
r-release-windows-x86_64 | 5.7.0 | 18.00 | 233.00 | 251.00 | OK | |
r-oldrel-macos-arm64 | 5.7.0 | 95.00 | OK | |||
r-oldrel-macos-x86_64 | 5.7.0 | 228.00 | OK | |||
r-oldrel-windows-x86_64 | 5.7.0 | 22.00 | 314.00 | 336.00 | OK |
Version: 5.7.0
Check: HTML version of manual
Result: NOTE
Found the following HTML validation problems:
huxtable-news.html:78:1 (huxtable-news.Rd:36): Warning: <h4> anchor "Breaking-changes" already defined
huxtable-news.html:90:1 (huxtable-news.Rd:43): Warning: <h4> anchor "Other-changes" already defined
huxtable-news.html:426:1 (huxtable-news.Rd:233): Warning: <h4> anchor "Breaking-changes" already defined
huxtable-news.html:597:1 (huxtable-news.Rd:344): Warning: <h4> anchor "Other-changes" already defined
huxtable-news.html:1213:1 (huxtable-news.Rd:669): Warning: <h4> anchor "Breaking-changes" already defined
huxtable-news.html:1325:1 (huxtable-news.Rd:728): Warning: <h4> anchor "Breaking-changes" already defined
huxtable-news.html:1376:1 (huxtable-news.Rd:757): Warning: <h4> anchor "Breaking-changes" already defined
huxtable-news.html:1501:1 (huxtable-news.Rd:822): Warning: <h4> anchor "Breaking-changes" already defined
huxtable-news.html:1650:1 (huxtable-news.Rd:896): Warning: <h4> anchor "Breaking-changes" already defined
mapping-params.html:62:1 (mapping-params.Rd:21): Warning: missing </ul> before </div>
Flavor: r-devel-linux-x86_64-debian-gcc
Version: 5.7.0
Check: dependencies in R code
Result: NOTE
Namespaces in Imports field not imported from:
‘R6’ ‘xml2’
All declared Imports should be used.
Flavors: r-devel-linux-x86_64-fedora-clang, r-devel-linux-x86_64-fedora-gcc