CRAN Package Check Results for Package higrad

Last updated on 2025-10-21 09:48:34 CEST.

Flavor Version Tinstall Tcheck Ttotal Status Flags
r-devel-linux-x86_64-debian-clang 0.1.0 1.89 24.04 25.93 NOTE
r-devel-linux-x86_64-debian-gcc 0.1.0 1.45 19.40 20.85 NOTE
r-devel-linux-x86_64-fedora-clang 0.1.0 38.12 OK
r-devel-linux-x86_64-fedora-gcc 0.1.0 33.95 OK
r-devel-windows-x86_64 0.1.0 3.00 40.00 43.00 OK
r-patched-linux-x86_64 0.1.0 1.72 21.56 23.28 OK
r-release-linux-x86_64 0.1.0 1.89 21.75 23.64 OK
r-release-macos-arm64 0.1.0 17.00 OK
r-release-macos-x86_64 0.1.0 25.00 OK
r-release-windows-x86_64 0.1.0 3.00 42.00 45.00 OK
r-oldrel-macos-arm64 0.1.0 14.00 NOTE
r-oldrel-macos-x86_64 0.1.0 21.00 NOTE
r-oldrel-windows-x86_64 0.1.0 3.00 46.00 49.00 NOTE

Check Details

Version: 0.1.0
Check: CRAN incoming feasibility
Result: NOTE Maintainer: ‘Yuancheng Zhu <yuancheng.zhu@gmail.com>’ The Description field contains <arXiv:1802.04876> for details. Please refer to arXiv e-prints via their arXiv DOI <doi:10.48550/arXiv.YYMM.NNNNN>. Flavors: r-devel-linux-x86_64-debian-clang, r-devel-linux-x86_64-debian-gcc

Version: 0.1.0
Check: HTML version of manual
Result: NOTE Found the following HTML validation problems: plot.higrad.html:51:1 (plot.higrad.Rd:12): Warning: missing </ul> before </div> print.higrad.html:51:1 (print.higrad.Rd:12): Warning: missing </ul> before </div> Flavor: r-devel-linux-x86_64-debian-gcc

Version: 0.1.0
Check: LazyData
Result: NOTE 'LazyData' is specified without a 'data' directory Flavors: r-oldrel-macos-arm64, r-oldrel-macos-x86_64, r-oldrel-windows-x86_64