Last updated on 2025-11-21 09:49:05 CET.
| Flavor | Version | Tinstall | Tcheck | Ttotal | Status | Flags |
|---|---|---|---|---|---|---|
| r-devel-linux-x86_64-debian-clang | 1.1.6 | 29.13 | 427.35 | 456.48 | OK | |
| r-devel-linux-x86_64-debian-gcc | 1.1.7 | 20.46 | 261.17 | 281.63 | OK | |
| r-devel-linux-x86_64-fedora-clang | 1.1.7 | 34.00 | 699.49 | 733.49 | OK | |
| r-devel-linux-x86_64-fedora-gcc | 1.1.7 | 35.00 | 585.89 | 620.89 | OK | |
| r-devel-windows-x86_64 | 1.1.6 | 47.00 | 337.00 | 384.00 | OK | |
| r-patched-linux-x86_64 | 1.1.6 | 31.79 | 340.53 | 372.32 | OK | |
| r-release-linux-x86_64 | 1.1.6 | 28.67 | 340.32 | 368.99 | OK | |
| r-release-macos-arm64 | 1.1.7 | 0.00 | 5.00 | 5.00 | ERROR | |
| r-release-macos-x86_64 | 1.1.7 | 20.00 | 368.00 | 388.00 | OK | |
| r-release-windows-x86_64 | 1.1.6 | 38.00 | 336.00 | 374.00 | OK | |
| r-oldrel-macos-arm64 | 1.1.7 | 0.00 | 10.00 | 10.00 | ERROR | |
| r-oldrel-macos-x86_64 | 1.1.7 | 28.00 | 390.00 | 418.00 | OK | |
| r-oldrel-windows-x86_64 | 1.1.6 | 45.00 | 449.00 | 494.00 | OK |
Version: 1.1.7
Check: whether package can be installed
Result: ERROR
Installation failed.
Flavors: r-release-macos-arm64, r-oldrel-macos-arm64