Last updated on 2025-10-22 09:50:35 CEST.
Flavor | Version | Tinstall | Tcheck | Ttotal | Status | Flags |
---|---|---|---|---|---|---|
r-devel-linux-x86_64-debian-clang | 1.0.0 | 1.38 | 88.27 | 89.65 | NOTE | |
r-devel-linux-x86_64-debian-gcc | 1.0.0 | 1.80 | 71.50 | 73.30 | NOTE | |
r-devel-linux-x86_64-fedora-clang | 1.0.0 | 199.84 | OK | |||
r-devel-linux-x86_64-fedora-gcc | 1.0.0 | 141.14 | OK | |||
r-devel-windows-x86_64 | 1.0.0 | 3.00 | 122.00 | 125.00 | OK | |
r-patched-linux-x86_64 | 1.0.0 | 2.27 | 86.51 | 88.78 | OK | |
r-release-linux-x86_64 | 1.0.0 | 2.20 | 85.74 | 87.94 | OK | |
r-release-macos-arm64 | 1.0.0 | 2.00 | 52.00 | 54.00 | OK | |
r-release-macos-x86_64 | 1.0.0 | 2.00 | 109.00 | 111.00 | OK | |
r-release-windows-x86_64 | 1.0.0 | 4.00 | 132.00 | 136.00 | OK | |
r-oldrel-macos-arm64 | 1.0.0 | 1.00 | 54.00 | 55.00 | OK | |
r-oldrel-macos-x86_64 | 1.0.0 | 2.00 | 74.00 | 76.00 | OK | |
r-oldrel-windows-x86_64 | 1.0.0 | 4.00 | 135.00 | 139.00 | OK |
Version: 1.0.0
Check: HTML version of manual
Result: NOTE
Found the following HTML validation problems:
add_sim_bound.html:70:1 (add_sim_bound.Rd:25): Warning: missing </ul> before </div>
Flavors: r-devel-linux-x86_64-debian-clang, r-devel-linux-x86_64-debian-gcc