Last updated on 2025-10-21 09:48:33 CEST.
Flavor | Version | Tinstall | Tcheck | Ttotal | Status | Flags |
---|---|---|---|---|---|---|
r-devel-linux-x86_64-debian-clang | 1.0.0 | 2.35 | 26.58 | 28.93 | NOTE | |
r-devel-linux-x86_64-debian-gcc | 1.0.0 | 1.94 | 21.21 | 23.15 | NOTE | |
r-devel-linux-x86_64-fedora-clang | 1.0.0 | 43.69 | NOTE | |||
r-devel-linux-x86_64-fedora-gcc | 1.0.0 | 40.80 | NOTE | |||
r-devel-windows-x86_64 | 1.0.0 | 4.00 | 51.00 | 55.00 | NOTE | |
r-patched-linux-x86_64 | 1.0.0 | 2.23 | 25.51 | 27.74 | NOTE | |
r-release-linux-x86_64 | 1.0.0 | 2.55 | 25.43 | 27.98 | NOTE | |
r-release-macos-arm64 | 1.0.0 | 24.00 | NOTE | |||
r-release-macos-x86_64 | 1.0.0 | 29.00 | NOTE | |||
r-release-windows-x86_64 | 1.0.0 | 6.00 | 53.00 | 59.00 | NOTE | |
r-oldrel-macos-arm64 | 1.0.0 | 16.00 | NOTE | |||
r-oldrel-macos-x86_64 | 1.0.0 | 24.00 | NOTE | |||
r-oldrel-windows-x86_64 | 1.0.0 | 6.00 | 56.00 | 62.00 | NOTE |
Version: 1.0.0
Check: Rd files
Result: NOTE
checkRd: (-1) Spec_compare_localize_freq.Rd:49: Escaped LaTeX specials: \&
checkRd: (-1) Spec_compare_localize_freq.Rd:52: Escaped LaTeX specials: \&
Flavors: r-devel-linux-x86_64-debian-clang, r-devel-linux-x86_64-debian-gcc, r-devel-linux-x86_64-fedora-clang, r-devel-linux-x86_64-fedora-gcc, r-devel-windows-x86_64, r-patched-linux-x86_64, r-release-linux-x86_64, r-release-macos-arm64, r-release-macos-x86_64, r-release-windows-x86_64, r-oldrel-macos-arm64, r-oldrel-macos-x86_64, r-oldrel-windows-x86_64
Version: 1.0.0
Check: HTML version of manual
Result: NOTE
Found the following HTML validation problems:
Epanechnikov_kernel.html:46:1 (Epanechnikov_kernel.Rd:10): Warning: missing </ul> before </div>
Get_noise_sd.html:50:1 (Get_noise_sd.Rd:12): Warning: missing </ul> before </div>
Marginal_basis_pval.html:64:1 (Marginal_basis_pval.Rd:20): Warning: missing </ul> before </div>
plot.SampleSpec.html:51:1 (plot.SampleSpec.Rd:12): Warning: missing </ul> before </div>
plot.SampleSpecDiffFreqCurvelength.html:55:1 (plot.SampleSpecDiffFreqCurvelength.Rd:14): Warning: missing </ul> before </div>
plot.SpecMA.html:51:1 (plot.SpecMA.Rd:12): Warning: missing </ul> before </div>
print.SampleSpecDiffFreqCurvelength.html:51:1 (print.SampleSpecDiffFreqCurvelength.Rd:12): Warning: missing </ul> before </div>
Flavor: r-devel-linux-x86_64-debian-gcc
Version: 1.0.0
Check: LazyData
Result: NOTE
'LazyData' is specified without a 'data' directory
Flavors: r-oldrel-macos-arm64, r-oldrel-macos-x86_64, r-oldrel-windows-x86_64