CRAN Package Check Results for Package fmpcloudr

Last updated on 2025-11-15 11:50:44 CET.

Flavor Version Tinstall Tcheck Ttotal Status Flags
r-devel-linux-x86_64-debian-clang 0.1.5 2.77 29.69 32.46 OK
r-devel-linux-x86_64-debian-gcc 0.1.5 2.09 23.11 25.20 OK
r-devel-linux-x86_64-fedora-clang 0.1.5 11.00 37.20 48.20 OK
r-devel-linux-x86_64-fedora-gcc 0.1.5 42.60 OK
r-devel-windows-x86_64 0.1.5 7.00 53.00 60.00 OK
r-patched-linux-x86_64 0.1.5 2.76 27.20 29.96 OK
r-release-linux-x86_64 0.1.5 2.60 27.14 29.74 OK
r-release-macos-arm64 0.1.5 1.00 18.00 19.00 OK
r-release-macos-x86_64 0.1.5 2.00 28.00 30.00 OK
r-release-windows-x86_64 0.1.5 5.00 52.00 57.00 OK
r-oldrel-macos-arm64 0.1.5 2.00 18.00 20.00 NOTE
r-oldrel-macos-x86_64 0.1.5 3.00 35.00 38.00 NOTE
r-oldrel-windows-x86_64 0.1.5 6.00 58.00 64.00 NOTE

Check Details

Version: 0.1.5
Check: LazyData
Result: NOTE 'LazyData' is specified without a 'data' directory Flavors: r-oldrel-macos-arm64, r-oldrel-macos-x86_64, r-oldrel-windows-x86_64