Last updated on 2025-10-21 09:48:32 CEST.
Flavor | Version | Tinstall | Tcheck | Ttotal | Status | Flags |
---|---|---|---|---|---|---|
r-devel-linux-x86_64-debian-clang | 0.0.2 | 2.53 | 36.99 | 39.52 | OK | |
r-devel-linux-x86_64-debian-gcc | 0.0.2 | 1.97 | 29.27 | 31.24 | NOTE | |
r-devel-linux-x86_64-fedora-clang | 0.0.2 | 62.65 | OK | |||
r-devel-linux-x86_64-fedora-gcc | 0.0.2 | 73.78 | OK | |||
r-devel-windows-x86_64 | 0.0.2 | 5.00 | 54.00 | 59.00 | OK | |
r-patched-linux-x86_64 | 0.0.2 | 2.37 | 34.28 | 36.65 | OK | |
r-release-linux-x86_64 | 0.0.2 | 2.33 | 34.59 | 36.92 | OK | |
r-release-macos-arm64 | 0.0.2 | 34.00 | OK | |||
r-release-macos-x86_64 | 0.0.2 | 49.00 | OK | |||
r-release-windows-x86_64 | 0.0.2 | 6.00 | 55.00 | 61.00 | OK | |
r-oldrel-macos-arm64 | 0.0.2 | 26.00 | NOTE | |||
r-oldrel-macos-x86_64 | 0.0.2 | 52.00 | NOTE | |||
r-oldrel-windows-x86_64 | 0.0.2 | 6.00 | 65.00 | 71.00 | NOTE |
Version: 0.0.2
Check: HTML version of manual
Result: NOTE
Found the following HTML validation problems:
ch_flows.html:57:1 (ch_flows.Rd:16): Warning: missing </ul> before </div>
ch_locations.html:59:1 (ch_locations.Rd:17): Warning: missing </ul> before </div>
Flavor: r-devel-linux-x86_64-debian-gcc
Version: 0.0.2
Check: installed package size
Result: NOTE
installed size is 5.0Mb
sub-directories of 1Mb or more:
htmlwidgets 3.9Mb
Flavors: r-oldrel-macos-arm64, r-oldrel-macos-x86_64, r-oldrel-windows-x86_64