CRAN Package Check Results for Package fledge

Last updated on 2025-10-22 09:50:33 CEST.

Flavor Version Tinstall Tcheck Ttotal Status Flags
r-devel-linux-x86_64-debian-clang 0.1.3 4.74 73.63 78.37 OK
r-devel-linux-x86_64-debian-gcc 0.1.3 3.17 53.59 56.76 OK
r-devel-linux-x86_64-fedora-clang 0.1.3 29.00 91.83 120.83 OK
r-devel-linux-x86_64-fedora-gcc 0.1.3 123.65 OK
r-devel-windows-x86_64 0.1.3 6.00 101.00 107.00 OK
r-patched-linux-x86_64 0.1.2 4.40 69.82 74.22 NOTE
r-release-linux-x86_64 0.1.3 4.41 67.19 71.60 OK
r-release-macos-arm64 0.1.3 2.00 43.00 45.00 OK
r-release-macos-x86_64 0.1.3 4.00 87.00 91.00 OK
r-release-windows-x86_64 0.1.3 7.00 111.00 118.00 OK
r-oldrel-macos-arm64 0.1.3 2.00 54.00 56.00 OK
r-oldrel-macos-x86_64 0.1.3 4.00 96.00 100.00 OK
r-oldrel-windows-x86_64 0.1.3 9.00 114.00 123.00 OK

Check Details

Version: 0.1.2
Check: Rd cross-references
Result: NOTE Found the following Rd file(s) with Rd \link{} targets missing package anchors: get_top_level_commits.Rd: tibble Please provide package anchors for all Rd \link{} targets not in the package itself and the base packages. Flavor: r-patched-linux-x86_64