CRAN Package Check Results for Package fitbitViz

Last updated on 2025-11-25 11:51:48 CET.

Flavor Version Tinstall Tcheck Ttotal Status Flags
r-devel-linux-x86_64-debian-clang 1.0.7 0.41 3.30 3.71 ERROR
r-devel-linux-x86_64-debian-gcc 1.0.7 0.35 2.87 3.22 ERROR
r-devel-linux-x86_64-fedora-clang 1.0.7 3.16 ERROR
r-devel-linux-x86_64-fedora-gcc 1.0.7 3.08 ERROR
r-devel-windows-x86_64 1.0.7 45.00 312.00 357.00 OK
r-patched-linux-x86_64 1.0.7 49.34 387.17 436.51 OK
r-release-linux-x86_64 1.0.7 48.58 382.37 430.95 OK
r-release-macos-arm64 1.0.7 OK
r-release-macos-x86_64 1.0.7 34.00 156.00 190.00 OK
r-release-windows-x86_64 1.0.7 42.00 304.00 346.00 OK
r-oldrel-macos-arm64 1.0.7 NOTE
r-oldrel-macos-x86_64 1.0.7 30.00 181.00 211.00 NOTE
r-oldrel-windows-x86_64 1.0.7 63.00 415.00 478.00 NOTE

Check Details

Version: 1.0.7
Check: package dependencies
Result: ERROR Package required but not available: ‘leafgl’ See section ‘The DESCRIPTION file’ in the ‘Writing R Extensions’ manual. Flavors: r-devel-linux-x86_64-debian-clang, r-devel-linux-x86_64-debian-gcc, r-devel-linux-x86_64-fedora-gcc

Version: 1.0.7
Check: package dependencies
Result: ERROR Package required but not available: ‘leafgl’ Imports includes 25 non-default packages. Importing from so many packages makes the package vulnerable to any of them becoming unavailable. Move as many as possible to Suggests and use conditionally. See section ‘The DESCRIPTION file’ in the ‘Writing R Extensions’ manual. Flavor: r-devel-linux-x86_64-fedora-clang

Version: 1.0.7
Check: installed package size
Result: NOTE installed size is 5.6Mb sub-directories of 1Mb or more: doc 4.0Mb Flavors: r-oldrel-macos-arm64, r-oldrel-macos-x86_64, r-oldrel-windows-x86_64