CRAN Package Check Results for Package fail

Last updated on 2025-11-15 11:50:44 CET.

Flavor Version Tinstall Tcheck Ttotal Status Flags
r-devel-linux-x86_64-debian-clang 1.3 2.25 26.12 28.37 NOTE
r-devel-linux-x86_64-debian-gcc 1.3 1.43 20.94 22.37 NOTE
r-devel-linux-x86_64-fedora-clang 1.3 42.85 OK
r-devel-linux-x86_64-fedora-gcc 1.3 39.63 OK
r-devel-windows-x86_64 1.3 6.00 45.00 51.00 OK
r-patched-linux-x86_64 1.3 2.46 24.44 26.90 OK
r-release-linux-x86_64 1.3 2.38 24.50 26.88 OK
r-release-macos-arm64 1.3 1.00 18.00 19.00 OK
r-release-macos-x86_64 1.3 2.00 26.00 28.00 OK
r-release-windows-x86_64 1.3 3.00 48.00 51.00 OK
r-oldrel-macos-arm64 1.3 2.00 16.00 18.00 OK
r-oldrel-macos-x86_64 1.3 2.00 23.00 25.00 OK
r-oldrel-windows-x86_64 1.3 4.00 50.00 54.00 OK

Check Details

Version: 1.3
Check: CRAN incoming feasibility
Result: NOTE Maintainer: ‘Michel Lang <michellang@gmail.com>’ No Authors@R field in DESCRIPTION. Please add one, modifying Authors@R: person(given = "Michel", family = "Lang", role = c("aut", "cre"), email = "michellang@gmail.com") as necessary. Flavors: r-devel-linux-x86_64-debian-clang, r-devel-linux-x86_64-debian-gcc