Last updated on 2025-11-10 10:51:23 CET.
| Flavor | Version | Tinstall | Tcheck | Ttotal | Status | Flags |
|---|---|---|---|---|---|---|
| r-devel-linux-x86_64-debian-clang | 1.1.2 | 46.81 | 133.13 | 179.94 | OK | |
| r-devel-linux-x86_64-debian-gcc | 1.1.2 | 34.27 | 95.08 | 129.35 | OK | |
| r-devel-linux-x86_64-fedora-clang | 1.1.2 | 278.00 | 57.39 | 335.39 | OK | |
| r-devel-linux-x86_64-fedora-gcc | 1.1.2 | 113.00 | 186.04 | 299.04 | OK | |
| r-devel-windows-x86_64 | 1.1.2 | 48.00 | 150.00 | 198.00 | OK | |
| r-patched-linux-x86_64 | 1.1.2 | 43.22 | 129.24 | 172.46 | OK | |
| r-release-linux-x86_64 | 1.1.2 | 40.05 | 128.81 | 168.86 | OK | |
| r-release-macos-arm64 | 1.1.2 | 19.00 | 66.00 | 85.00 | OK | |
| r-release-macos-x86_64 | 1.1.2 | 29.00 | 130.00 | 159.00 | OK | |
| r-release-windows-x86_64 | 1.1.2 | 48.00 | 148.00 | 196.00 | OK | |
| r-oldrel-macos-arm64 | 1.1.2 | 18.00 | 73.00 | 91.00 | NOTE | |
| r-oldrel-macos-x86_64 | 1.1.2 | 29.00 | 128.00 | 157.00 | OK | |
| r-oldrel-windows-x86_64 | 1.1.2 | 59.00 | 211.00 | 270.00 | OK |
Version: 1.1.2
Check: installed package size
Result: NOTE
installed size is 5.3Mb
sub-directories of 1Mb or more:
doc 1.0Mb
libs 4.0Mb
Flavor: r-oldrel-macos-arm64