Last updated on 2025-10-21 09:48:31 CEST.
Flavor | Version | Tinstall | Tcheck | Ttotal | Status | Flags |
---|---|---|---|---|---|---|
r-devel-linux-x86_64-debian-clang | 0.4.0 | 3.86 | 69.48 | 73.34 | OK | |
r-devel-linux-x86_64-debian-gcc | 0.4.0 | 3.01 | 56.33 | 59.34 | NOTE | |
r-devel-linux-x86_64-fedora-clang | 0.4.0 | 123.79 | OK | |||
r-devel-linux-x86_64-fedora-gcc | 0.4.0 | 132.16 | OK | |||
r-devel-windows-x86_64 | 0.4.0 | 5.00 | 84.00 | 89.00 | OK | |
r-patched-linux-x86_64 | 0.4.0 | 4.57 | 69.84 | 74.41 | OK | |
r-release-linux-x86_64 | 0.4.0 | 4.09 | 69.83 | 73.92 | OK | |
r-release-macos-arm64 | 0.4.0 | 64.00 | OK | |||
r-release-macos-x86_64 | 0.4.0 | 140.00 | OK | |||
r-release-windows-x86_64 | 0.4.0 | 7.00 | 85.00 | 92.00 | OK | |
r-oldrel-macos-arm64 | 0.4.0 | 68.00 | OK | |||
r-oldrel-macos-x86_64 | 0.4.0 | 126.00 | OK | |||
r-oldrel-windows-x86_64 | 0.4.0 | 7.00 | 96.00 | 103.00 | OK |
Version: 0.4.0
Check: HTML version of manual
Result: NOTE
Found the following HTML validation problems:
coef.enriched_glm.html:55:1 (coef.enriched_glm.Rd:14): Warning: missing </ul> before </div>
coef.enriched_lm.html:55:1 (coef.enriched_lm.Rd:14): Warning: missing </ul> before </div>
get_auxiliary_functions.html:52:1 (get_auxiliary_functions.Rd:13): Warning: missing </ul> before </div>
get_bias_function.html:52:1 (get_bias_function.Rd:13): Warning: missing </ul> before </div>
get_dmodel_function.html:52:1 (get_dmodel_function.Rd:13): Warning: missing </ul> before </div>
get_information_function.html:52:1 (get_information_function.Rd:13): Warning: missing </ul> before </div>
get_pmodel_function.html:52:1 (get_pmodel_function.Rd:13): Warning: missing </ul> before </div>
get_qmodel_function.html:52:1 (get_qmodel_function.Rd:13): Warning: missing </ul> before </div>
get_score_function.html:52:1 (get_score_function.Rd:13): Warning: missing </ul> before </div>
get_simulate_function.html:52:1 (get_simulate_function.Rd:13): Warning: missing </ul> before </div>
Flavor: r-devel-linux-x86_64-debian-gcc