Last updated on 2025-11-11 10:49:59 CET.
| Flavor | Version | Tinstall | Tcheck | Ttotal | Status | Flags |
|---|---|---|---|---|---|---|
| r-devel-linux-x86_64-debian-clang | 0.1.16-114 | 35.43 | 214.86 | 250.29 | OK | |
| r-devel-linux-x86_64-debian-gcc | 0.1.16-114 | 22.11 | 151.14 | 173.25 | OK | |
| r-devel-linux-x86_64-fedora-clang | 0.1.16-114 | 72.00 | 294.31 | 366.31 | OK | |
| r-devel-linux-x86_64-fedora-gcc | 0.1.16-114 | 76.00 | 289.64 | 365.64 | OK | |
| r-devel-windows-x86_64 | 0.1.16-114 | 64.00 | 239.00 | 303.00 | OK | |
| r-patched-linux-x86_64 | 0.1.16-114 | 33.31 | 201.20 | 234.51 | OK | |
| r-release-linux-x86_64 | 0.1.16-114 | 31.04 | 199.25 | 230.29 | OK | |
| r-release-macos-arm64 | 0.1.16-114 | 19.00 | 90.00 | 109.00 | OK | |
| r-release-macos-x86_64 | 0.1.16-114 | 36.00 | 156.00 | 192.00 | OK | |
| r-release-windows-x86_64 | 0.1.16-114 | 62.00 | 235.00 | 297.00 | OK | |
| r-oldrel-macos-arm64 | 0.1.16-114 | 18.00 | 121.00 | 139.00 | NOTE | |
| r-oldrel-macos-x86_64 | 0.1.16-114 | 34.00 | 198.00 | 232.00 | NOTE | |
| r-oldrel-windows-x86_64 | 0.1.16-114 | 77.00 | 283.00 | 360.00 | NOTE |
Version: 0.1.16-114
Check: installed package size
Result: NOTE
installed size is 8.0Mb
sub-directories of 1Mb or more:
data 2.5Mb
doc 1.4Mb
libs 2.9Mb
Flavors: r-oldrel-macos-arm64, r-oldrel-macos-x86_64, r-oldrel-windows-x86_64