CRAN Package Check Results for Package detector

Last updated on 2025-11-12 10:52:41 CET.

Flavor Version Tinstall Tcheck Ttotal Status Flags
r-devel-linux-x86_64-debian-clang 0.1.0 1.62 22.26 23.88 OK
r-devel-linux-x86_64-debian-gcc 0.1.0 1.44 18.20 19.64 OK
r-devel-linux-x86_64-fedora-clang 0.1.0 33.00 OK
r-devel-linux-x86_64-fedora-gcc 0.1.0 31.57 OK
r-devel-windows-x86_64 0.1.0 4.00 40.00 44.00 OK
r-patched-linux-x86_64 0.1.0 1.50 19.86 21.36 OK
r-release-linux-x86_64 0.1.0 1.61 19.86 21.47 OK
r-release-macos-arm64 0.1.0 1.00 16.00 17.00 OK
r-release-macos-x86_64 0.1.0 2.00 23.00 25.00 OK
r-release-windows-x86_64 0.1.0 3.00 39.00 42.00 OK
r-oldrel-macos-arm64 0.1.0 1.00 14.00 15.00 NOTE
r-oldrel-macos-x86_64 0.1.0 1.00 21.00 22.00 NOTE
r-oldrel-windows-x86_64 0.1.0 4.00 46.00 50.00 NOTE

Check Details

Version: 0.1.0
Check: LazyData
Result: NOTE 'LazyData' is specified without a 'data' directory Flavors: r-oldrel-macos-arm64, r-oldrel-macos-x86_64, r-oldrel-windows-x86_64