CRAN Package Check Results for Package cif

Last updated on 2025-11-22 09:49:49 CET.

Flavor Version Tinstall Tcheck Ttotal Status Flags
r-devel-linux-x86_64-debian-clang 0.1.1 4.17 38.71 42.88 NOTE
r-devel-linux-x86_64-debian-gcc 0.1.1 3.10 28.67 31.77 NOTE
r-devel-linux-x86_64-fedora-clang 0.1.1 10.00 55.32 65.32 NOTE
r-devel-windows-x86_64 0.1.1 7.00 54.00 61.00 NOTE
r-patched-linux-x86_64 0.1.1 5.22 36.17 41.39 NOTE
r-release-linux-x86_64 0.1.1 4.55 36.20 40.75 NOTE
r-release-macos-arm64 0.1.1 NOTE
r-release-macos-x86_64 0.1.1 4.00 33.00 37.00 NOTE
r-release-windows-x86_64 0.1.1 6.00 53.00 59.00 NOTE
r-oldrel-macos-arm64 0.1.1 NOTE
r-oldrel-macos-x86_64 0.1.1 3.00 30.00 33.00 NOTE
r-oldrel-windows-x86_64 0.1.1 8.00 63.00 71.00 NOTE

Check Details

Version: 0.1.1
Check: Rd files
Result: NOTE checkRd: (-1) ec.datalag.Rd:5: Lost braces; missing escapes or markup? 5 | \title{prepares Dy y_1 Dy_1 ... Dy_{nlag-1} for estimation} | ^ checkRd: (-1) ec.datalag.Rd:15: Lost braces 15 | ymat contains the folloiwing columns {Dy y_1 Dy_1 ... Dy_{nlag-1}} | ^ checkRd: (-1) ec.datalag.Rd:15: Lost braces; missing escapes or markup? 15 | ymat contains the folloiwing columns {Dy y_1 Dy_1 ... Dy_{nlag-1}} | ^ checkRd: (-1) lagn.Rd:21: Lost braces; missing escapes or markup? 21 | REM: alternative to "lead-lag" {dplyr} which applies to vector y | ^ Flavors: r-devel-linux-x86_64-debian-clang, r-devel-linux-x86_64-debian-gcc, r-devel-linux-x86_64-fedora-clang, r-devel-windows-x86_64, r-patched-linux-x86_64, r-release-linux-x86_64, r-release-macos-arm64, r-release-macos-x86_64, r-release-windows-x86_64, r-oldrel-macos-arm64, r-oldrel-macos-x86_64, r-oldrel-windows-x86_64