Last updated on 2025-11-19 09:48:30 CET.
| Flavor | Version | Tinstall | Tcheck | Ttotal | Status | Flags |
|---|---|---|---|---|---|---|
| r-devel-linux-x86_64-debian-clang | 0.1.4 | 24.59 | 198.26 | 222.85 | NOTE | |
| r-devel-linux-x86_64-debian-gcc | 0.1.4 | 14.42 | 121.10 | 135.52 | NOTE | |
| r-devel-linux-x86_64-fedora-clang | 0.1.4 | 54.00 | 299.57 | 353.57 | OK | |
| r-devel-linux-x86_64-fedora-gcc | 0.1.4 | 50.00 | 301.17 | 351.17 | OK | |
| r-devel-windows-x86_64 | 0.1.4 | 25.00 | 151.00 | 176.00 | OK | |
| r-patched-linux-x86_64 | 0.1.4 | 22.37 | 188.16 | 210.53 | OK | |
| r-release-linux-x86_64 | 0.1.4 | 24.76 | 187.97 | 212.73 | OK | |
| r-release-macos-arm64 | 0.1.4 | 10.00 | 78.00 | 88.00 | OK | |
| r-release-macos-x86_64 | 0.1.4 | 34.00 | 172.00 | 206.00 | OK | |
| r-release-windows-x86_64 | 0.1.4 | 23.00 | 149.00 | 172.00 | OK | |
| r-oldrel-macos-arm64 | 0.1.4 | 9.00 | 64.00 | 73.00 | OK | |
| r-oldrel-macos-x86_64 | 0.1.4 | 15.00 | 118.00 | 133.00 | OK | |
| r-oldrel-windows-x86_64 | 0.1.4 | 30.00 | 211.00 | 241.00 | OK |
Version: 0.1.4
Check: CRAN incoming feasibility
Result: NOTE
Maintainer: ‘Kauê de Sousa <kaue.desousa@inn.no>’
Package CITATION file contains call(s) to old-style citEntry(). Please
use bibentry() instead.
Flavors: r-devel-linux-x86_64-debian-clang, r-devel-linux-x86_64-debian-gcc