Last updated on 2025-11-10 10:51:19 CET.
| Flavor | Version | Tinstall | Tcheck | Ttotal | Status | Flags |
|---|---|---|---|---|---|---|
| r-devel-linux-x86_64-debian-clang | 1.0.6 | 19.02 | 144.81 | 163.83 | OK | |
| r-devel-linux-x86_64-debian-gcc | 1.0.6 | 10.05 | 97.97 | 108.02 | OK | |
| r-devel-linux-x86_64-fedora-clang | 1.0.6 | 80.00 | 187.52 | 267.52 | OK | |
| r-devel-linux-x86_64-fedora-gcc | 1.0.6 | 39.00 | 205.87 | 244.87 | OK | |
| r-devel-windows-x86_64 | 1.0.6 | 19.00 | 133.00 | 152.00 | OK | |
| r-patched-linux-x86_64 | 1.0.6 | 18.46 | 138.29 | 156.75 | OK | |
| r-release-linux-x86_64 | 1.0.6 | 18.00 | 138.04 | 156.04 | OK | |
| r-release-macos-arm64 | 1.0.6 | 9.00 | 58.00 | 67.00 | OK | |
| r-release-macos-x86_64 | 1.0.6 | 17.00 | 115.00 | 132.00 | OK | |
| r-release-windows-x86_64 | 1.0.6 | 18.00 | 132.00 | 150.00 | OK | |
| r-oldrel-macos-arm64 | 1.0.6 | 7.00 | 63.00 | 70.00 | OK | |
| r-oldrel-macos-x86_64 | 1.0.6 | 24.00 | 115.00 | 139.00 | OK | |
| r-oldrel-windows-x86_64 | 1.0.6 | 1.00 | 9.00 | 10.00 | ERROR |
Version: 1.0.6
Check: package dependencies
Result: ERROR
Package required but not available: 'fungible'
See section 'The DESCRIPTION file' in the 'Writing R Extensions'
manual.
Flavor: r-oldrel-windows-x86_64