CRAN Package Check Results for Package bayesGARCH

Last updated on 2025-11-10 10:51:17 CET.

Flavor Version Tinstall Tcheck Ttotal Status Flags
r-devel-linux-x86_64-debian-clang 2.1.10 2.83 28.51 31.34 NOTE
r-devel-linux-x86_64-debian-gcc 2.1.10 2.34 21.61 23.95 NOTE
r-devel-linux-x86_64-fedora-clang 2.1.10 45.63 OK
r-devel-linux-x86_64-fedora-gcc 2.1.10 44.70 OK
r-devel-windows-x86_64 2.1.10 6.00 54.00 60.00 OK
r-patched-linux-x86_64 2.1.10 2.63 26.97 29.60 OK
r-release-linux-x86_64 2.1.10 2.76 26.76 29.52 OK
r-release-macos-arm64 2.1.10 2.00 19.00 21.00 OK
r-release-macos-x86_64 2.1.10 4.00 31.00 35.00 OK
r-release-windows-x86_64 2.1.10 5.00 52.00 57.00 OK
r-oldrel-macos-arm64 2.1.10 3.00 23.00 26.00 OK
r-oldrel-macos-x86_64 2.1.10 3.00 25.00 28.00 OK
r-oldrel-windows-x86_64 2.1.10 6.00 61.00 67.00 OK

Check Details

Version: 2.1.10
Check: CRAN incoming feasibility
Result: NOTE Maintainer: ‘David Ardia <david.ardia.ch@gmail.com>’ Package CITATION file contains call(s) to old-style personList() or as.personList(). Please use c() on person objects instead. Package CITATION file contains call(s) to old-style citEntry(). Please use bibentry() instead. Flavors: r-devel-linux-x86_64-debian-clang, r-devel-linux-x86_64-debian-gcc