Last updated on 2025-10-21 09:48:25 CEST.
Flavor | Version | Tinstall | Tcheck | Ttotal | Status | Flags |
---|---|---|---|---|---|---|
r-devel-linux-x86_64-debian-clang | 1.0.7.2 | 4.52 | 42.40 | 46.92 | OK | |
r-devel-linux-x86_64-debian-gcc | 1.0.7.2 | 2.50 | 31.94 | 34.44 | NOTE | |
r-devel-linux-x86_64-fedora-clang | 1.0.7.2 | 67.82 | OK | |||
r-devel-linux-x86_64-fedora-gcc | 1.0.7.2 | 65.22 | OK | |||
r-devel-windows-x86_64 | 1.0.7.2 | 7.00 | 73.00 | 80.00 | OK | |
r-patched-linux-x86_64 | 1.0.7.2 | 5.85 | 40.64 | 46.49 | OK | |
r-release-linux-x86_64 | 1.0.7.2 | 4.66 | 40.86 | 45.52 | OK | |
r-release-macos-arm64 | 1.0.7.2 | 30.00 | OK | |||
r-release-macos-x86_64 | 1.0.7.2 | 54.00 | OK | |||
r-release-windows-x86_64 | 1.0.7.2 | 8.00 | 76.00 | 84.00 | OK | |
r-oldrel-macos-arm64 | 1.0.7.2 | 25.00 | OK | |||
r-oldrel-macos-x86_64 | 1.0.7.2 | 34.00 | NOTE | |||
r-oldrel-windows-x86_64 | 1.0.7.2 | 8.00 | 85.00 | 93.00 | OK |
Version: 1.0.7.2
Check: HTML version of manual
Result: NOTE
Found the following HTML validation problems:
as.space.html:46:1 (as.space.Rd:10): Warning: missing </ul> before </div>
certificate_delete.html:50:1 (certificate_delete.Rd:12): Warning: missing </ul> before </div>
project_patch.html:83:1 (project_patch.Rd:35): Warning: missing </ul> before </div>
project_update.html:83:1 (project_update.Rd:35): Warning: missing </ul> before </div>
Flavor: r-devel-linux-x86_64-debian-gcc
Version: 1.0.7.2
Check: package dependencies
Result: NOTE
Package suggested but not available for checking: ‘arrow’
Flavor: r-oldrel-macos-x86_64