Last updated on 2025-11-23 12:49:42 CET.
| Flavor | Version | Tinstall | Tcheck | Ttotal | Status | Flags |
|---|---|---|---|---|---|---|
| r-devel-linux-x86_64-debian-clang | 1.1 | 72.10 | 31.62 | 103.72 | OK | |
| r-devel-linux-x86_64-debian-gcc | 1.1 | 57.63 | 24.48 | 82.11 | OK | |
| r-devel-linux-x86_64-fedora-clang | 1.1 | 161.00 | 9.38 | 170.38 | OK | |
| r-devel-windows-x86_64 | 1.1 | 72.00 | 47.00 | 119.00 | OK | |
| r-patched-linux-x86_64 | 1.1 | 75.90 | 29.76 | 105.66 | OK | |
| r-release-linux-x86_64 | 1.1 | 66.17 | 29.14 | 95.31 | OK | |
| r-release-macos-arm64 | 1.1 | OK | ||||
| r-release-macos-x86_64 | 1.1 | 84.00 | 31.00 | 115.00 | OK | |
| r-release-windows-x86_64 | 1.1 | 70.00 | 53.00 | 123.00 | OK | |
| r-oldrel-macos-arm64 | 1.1 | NOTE | ||||
| r-oldrel-macos-x86_64 | 1.1 | 59.00 | 32.00 | 91.00 | NOTE | |
| r-oldrel-windows-x86_64 | 1.1 | 72.00 | 56.00 | 128.00 | NOTE |
Version: 1.1
Check: installed package size
Result: NOTE
installed size is 10.4Mb
sub-directories of 1Mb or more:
data 10.2Mb
Flavors: r-oldrel-macos-arm64, r-oldrel-macos-x86_64, r-oldrel-windows-x86_64