Last updated on 2025-10-21 09:48:53 CEST.
Flavor | Version | Tinstall | Tcheck | Ttotal | Status | Flags |
---|---|---|---|---|---|---|
r-devel-linux-x86_64-debian-clang | 0.0.9 | 2.89 | 30.10 | 32.99 | OK | |
r-devel-linux-x86_64-debian-gcc | 0.0.9 | 2.31 | 23.08 | 25.39 | NOTE | |
r-devel-linux-x86_64-fedora-clang | 0.0.9 | 50.31 | OK | |||
r-devel-linux-x86_64-fedora-gcc | 0.0.9 | 48.19 | OK | |||
r-devel-windows-x86_64 | 0.0.9 | 5.00 | 45.00 | 50.00 | OK | |
r-patched-linux-x86_64 | 0.0.9 | 3.20 | 28.61 | 31.81 | OK | |
r-release-linux-x86_64 | 0.0.9 | 2.93 | 28.37 | 31.30 | OK | |
r-release-macos-arm64 | 0.0.9 | 16.00 | OK | |||
r-release-macos-x86_64 | 0.0.9 | 32.00 | OK | |||
r-release-windows-x86_64 | 0.0.9 | 5.00 | 47.00 | 52.00 | OK | |
r-oldrel-macos-arm64 | 0.0.9 | 24.00 | OK | |||
r-oldrel-macos-x86_64 | 0.0.9 | 38.00 | OK | |||
r-oldrel-windows-x86_64 | 0.0.9 | 6.00 | 55.00 | 61.00 | OK |
Version: 0.0.9
Check: HTML version of manual
Result: NOTE
Found the following HTML validation problems:
docsToNodes.html:50:1 (docsToNodes.Rd:12): Warning: missing </ul> before </div>
urlsToDocs.html:58:1 (urlsToDocs.Rd:16): Warning: missing </ul> before </div>
Flavor: r-devel-linux-x86_64-debian-gcc