Last updated on 2025-10-21 09:48:49 CEST.
Flavor | Version | Tinstall | Tcheck | Ttotal | Status | Flags |
---|---|---|---|---|---|---|
r-devel-linux-x86_64-debian-clang | 0.1.1 | 7.37 | 57.91 | 65.28 | OK | |
r-devel-linux-x86_64-debian-gcc | 0.1.1 | 5.11 | 44.37 | 49.48 | NOTE | |
r-devel-linux-x86_64-fedora-clang | 0.1.1 | 97.53 | OK | |||
r-devel-linux-x86_64-fedora-gcc | 0.1.1 | 94.25 | OK | |||
r-devel-windows-x86_64 | 0.1.1 | 8.00 | 67.00 | 75.00 | OK | |
r-patched-linux-x86_64 | 0.1.1 | 7.61 | 53.14 | 60.75 | OK | |
r-release-linux-x86_64 | 0.1.1 | 7.61 | 53.68 | 61.29 | OK | |
r-release-macos-arm64 | 0.1.1 | 29.00 | OK | |||
r-release-macos-x86_64 | 0.1.1 | 65.00 | OK | |||
r-release-windows-x86_64 | 0.1.1 | 9.00 | 130.00 | 139.00 | OK | |
r-oldrel-macos-arm64 | 0.1.1 | 34.00 | OK | |||
r-oldrel-macos-x86_64 | 0.1.1 | 63.00 | OK | |||
r-oldrel-windows-x86_64 | 0.1.1 | 11.00 | 84.00 | 95.00 | OK |
Version: 0.1.1
Check: HTML version of manual
Result: NOTE
Found the following HTML validation problems:
ShipOfTheseus.html:303:1 (ShipOfTheseus.Rd:188): Warning: missing </ul> before </div>
ShipOfTheseus.html:124:1 (ShipOfTheseus.Rd:69): Warning: <h5> anchor "Usage" already defined
ShipOfTheseus.html:130:1 (ShipOfTheseus.Rd:73): Warning: <h5> anchor "Arguments" already defined
ShipOfTheseus.html:149:1 (ShipOfTheseus.Rd:86): Warning: <h5> anchor "Returns" already defined
ShipOfTheseus.html:168:1 (ShipOfTheseus.Rd:97): Warning: <h5> anchor "Usage" already defined
ShipOfTheseus.html:181:1 (ShipOfTheseus.Rd:108): Warning: <h5> anchor "Arguments" already defined
ShipOfTheseus.html:207:1 (ShipOfTheseus.Rd:128): Warning: <h5> anchor "Returns" already defined
ShipOfTheseus.html:224:1 (ShipOfTheseus.Rd:137): Warning: <h5> anchor "Usage" already defined
ShipOfTheseus.html:237:1 (ShipOfTheseus.Rd:148): Warning: <h5> anchor "Arguments" already defined
ShipOfTheseus.html:263:1 (ShipOfTheseus.Rd:168): Warning: <h5> anchor "Returns" already defined
ShipOfTheseus.html:280:1 (ShipOfTheseus.Rd:177): Warning: <h5> anchor "Usage" already defined
ShipOfTheseus.html:286:1 (ShipOfTheseus.Rd:181): Warning: <h5> anchor "Arguments" already defined
Flavor: r-devel-linux-x86_64-debian-gcc